CRAN Package Check Results for Package aiRthermo

Last updated on 2019-07-16 00:47:58 CEST.

Flavor Version Tinstall Tcheck Ttotal Status Flags
r-devel-linux-x86_64-debian-clang 1.2.1 3.95 27.34 31.29 NOTE
r-devel-linux-x86_64-debian-gcc 1.2.1 3.08 21.93 25.01 NOTE
r-devel-linux-x86_64-fedora-clang 1.2.1 38.68 NOTE
r-devel-linux-x86_64-fedora-gcc 1.2.1 36.29 NOTE
r-devel-windows-ix86+x86_64 1.2.1 11.00 50.00 61.00 OK
r-patched-linux-x86_64 1.2.1 3.24 27.17 30.41 OK
r-patched-solaris-x86 1.2.1 58.50 OK
r-release-linux-x86_64 1.2.1 3.67 27.09 30.76 OK
r-release-windows-ix86+x86_64 1.2.1 11.00 65.00 76.00 OK
r-release-osx-x86_64 1.2.1 OK
r-oldrel-windows-ix86+x86_64 1.2.1 9.00 40.00 49.00 OK
r-oldrel-osx-x86_64 1.2.1 OK

Check Details

Version: 1.2.1
Check: for non-standard things in the check directory
Result: NOTE
    Found the following files/directories:
     'stuve.pdf'
Flavors: r-devel-linux-x86_64-debian-clang, r-devel-linux-x86_64-debian-gcc, r-devel-linux-x86_64-fedora-clang, r-devel-linux-x86_64-fedora-gcc