CRAN Package Check Results for Package airGR

Last updated on 2019-07-16 00:47:58 CEST.

Flavor Version Tinstall Tcheck Ttotal Status Flags
r-devel-linux-x86_64-debian-clang 1.3.2.23 10.50 177.55 188.05 OK
r-devel-linux-x86_64-debian-gcc 1.3.2.23 9.58 134.85 144.43 OK
r-devel-linux-x86_64-fedora-clang 1.3.2.23 235.66 NOTE
r-devel-linux-x86_64-fedora-gcc 1.3.2.23 228.17 NOTE
r-devel-windows-ix86+x86_64 1.3.2.23 33.00 315.00 348.00 OK
r-patched-linux-x86_64 1.3.2.23 11.33 172.32 183.65 OK
r-patched-solaris-x86 1.3.2.23 366.90 NOTE
r-release-linux-x86_64 1.3.2.23 9.75 173.52 183.27 OK
r-release-windows-ix86+x86_64 1.3.2.23 25.00 303.00 328.00 OK
r-release-osx-x86_64 1.3.2.23 NOTE
r-oldrel-windows-ix86+x86_64 1.3.2.23 47.00 307.00 354.00 OK
r-oldrel-osx-x86_64 1.3.2.23 NOTE

Additional issues

LTO

Check Details

Version: 1.3.2.23
Check: data for non-ASCII characters
Result: NOTE
     Note: found 1 marked UTF-8 string
Flavors: r-devel-linux-x86_64-fedora-clang, r-devel-linux-x86_64-fedora-gcc, r-patched-solaris-x86, r-release-osx-x86_64, r-oldrel-osx-x86_64