CRAN Package Check Results for Package akima

Last updated on 2019-07-16 00:47:58 CEST.

Flavor Version Tinstall Tcheck Ttotal Status Flags
r-devel-linux-x86_64-debian-clang 0.6-2 9.28 32.61 41.89 OK
r-devel-linux-x86_64-debian-gcc 0.6-2 8.18 26.43 34.61 OK
r-devel-linux-x86_64-fedora-clang 0.6-2 55.12 NOTE
r-devel-linux-x86_64-fedora-gcc 0.6-2 51.86 NOTE
r-devel-windows-ix86+x86_64 0.6-2 47.00 84.00 131.00 OK
r-patched-linux-x86_64 0.6-2 9.95 32.82 42.77 OK
r-patched-solaris-x86 0.6-2 75.40 OK
r-release-linux-x86_64 0.6-2 9.69 32.56 42.25 OK
r-release-windows-ix86+x86_64 0.6-2 32.00 77.00 109.00 OK
r-release-osx-x86_64 0.6-2 OK
r-oldrel-windows-ix86+x86_64 0.6-2 35.00 56.00 91.00 OK
r-oldrel-osx-x86_64 0.6-2 OK

Additional issues

LTO

Check Details

Version: 0.6-2
Check: compiled code
Result: NOTE
    File ‘akima/libs/akima.so’:
     Found no call to: ‘R_useDynamicSymbols’
    
    It is good practice to register native routines and to disable symbol
    search.
    
    See ‘Writing portable packages’ in the ‘Writing R Extensions’ manual.
Flavors: r-devel-linux-x86_64-fedora-clang, r-devel-linux-x86_64-fedora-gcc