CRAN Package Check Results for Package amap

Last updated on 2019-08-23 00:48:13 CEST.

Flavor Version Tinstall Tcheck Ttotal Status Flags
r-devel-linux-x86_64-debian-clang 0.8-17 7.62 29.21 36.83 OK
r-devel-linux-x86_64-debian-gcc 0.8-17 7.25 23.37 30.62 OK
r-devel-linux-x86_64-fedora-clang 0.8-17 48.91 OK
r-devel-linux-x86_64-fedora-gcc 0.8-17 47.81 OK
r-devel-windows-ix86+x86_64 0.8-17 30.00 73.00 103.00 OK
r-patched-linux-x86_64 0.8-17 7.84 29.13 36.97 OK
r-patched-solaris-x86 0.8-17 77.90 OK
r-release-linux-x86_64 0.8-17 8.07 29.12 37.19 OK
r-release-windows-ix86+x86_64 0.8-17 32.00 75.00 107.00 OK
r-release-osx-x86_64 0.8-17 NOTE
r-oldrel-windows-ix86+x86_64 0.8-16 22.00 52.00 74.00 OK
r-oldrel-osx-x86_64 0.8-17 ERROR

Check Details

Version: 0.8-17
Check: package dependencies
Result: NOTE
    Package suggested but not available for checking: ‘Biobase’
Flavor: r-release-osx-x86_64

Version: 0.8-17
Check: whether package can be installed
Result: ERROR
    Installation failed.
Flavor: r-oldrel-osx-x86_64