CRAN Package Check Results for Package analogsea

Last updated on 2019-06-21 00:51:57 CEST.

Flavor Version Tinstall Tcheck Ttotal Status Flags
r-devel-linux-x86_64-debian-clang 0.7.0 4.25 34.26 38.51 OK
r-devel-linux-x86_64-debian-gcc 0.7.0 4.00 28.03 32.03 OK
r-devel-linux-x86_64-fedora-clang 0.7.0 46.31 OK
r-devel-linux-x86_64-fedora-gcc 0.7.0 44.12 OK
r-devel-windows-ix86+x86_64 0.7.0 11.00 63.00 74.00 OK
r-patched-linux-x86_64 0.7.0 4.64 34.95 39.59 OK
r-patched-solaris-x86 0.7.0 60.70 NOTE
r-release-linux-x86_64 0.7.0 4.57 35.05 39.62 OK
r-release-windows-ix86+x86_64 0.7.0 13.00 80.00 93.00 OK
r-release-osx-x86_64 0.6.0 OK
r-oldrel-windows-ix86+x86_64 0.7.0 6.00 83.00 89.00 OK
r-oldrel-osx-x86_64 0.6.0 OK

Check Details

Version: 0.7.0
Check: package dependencies
Result: NOTE
    Package suggested but not available for checking: ‘ssh’
Flavor: r-patched-solaris-x86