CRAN Package Check Results for Package analysisPipelines

Last updated on 2019-08-23 00:48:13 CEST.

Flavor Version Tinstall Tcheck Ttotal Status Flags
r-devel-linux-x86_64-debian-clang 1.0.0 8.92 83.42 92.34 OK
r-devel-linux-x86_64-debian-gcc 1.0.0 8.20 64.89 73.09 OK
r-devel-linux-x86_64-fedora-clang 1.0.0 112.94 NOTE
r-devel-linux-x86_64-fedora-gcc 1.0.0 110.63 NOTE
r-devel-windows-ix86+x86_64 1.0.0 25.00 131.00 156.00 OK
r-patched-linux-x86_64 1.0.0 8.77 81.61 90.38 OK
r-patched-solaris-x86 1.0.0 140.60 NOTE
r-release-linux-x86_64 1.0.0 9.10 81.60 90.70 OK
r-release-windows-ix86+x86_64 1.0.0 31.00 139.00 170.00 OK
r-release-osx-x86_64 1.0.0 NOTE
r-oldrel-windows-ix86+x86_64 1.0.0 126.00 109.00 235.00 OK
r-oldrel-osx-x86_64 1.0.0 NOTE

Check Details

Version: 1.0.0
Check: dependencies in R code
Result: NOTE
    Namespace in Imports field not imported from: ‘devtools’
     All declared Imports should be used.
Flavors: r-devel-linux-x86_64-fedora-clang, r-devel-linux-x86_64-fedora-gcc, r-patched-solaris-x86, r-release-osx-x86_64, r-oldrel-osx-x86_64