CRAN Package Check Results for Package analysisPipelines

Last updated on 2019-05-26 00:46:40 CEST.

Flavor Version Tinstall Tcheck Ttotal Status Flags
r-devel-linux-x86_64-debian-clang 1.0.0 9.59 83.65 93.24 OK
r-devel-linux-x86_64-debian-gcc 1.0.0 8.48 65.11 73.59 OK
r-devel-linux-x86_64-fedora-clang 1.0.0 111.53 NOTE
r-devel-linux-x86_64-fedora-gcc 1.0.0 108.36 NOTE
r-devel-windows-ix86+x86_64 1.0.0 16.00 89.00 105.00 OK
r-patched-linux-x86_64 1.0.0 OK
r-patched-solaris-x86 1.0.0 140.80 NOTE
r-release-linux-x86_64 1.0.0 9.57 81.67 91.24 OK
r-release-windows-ix86+x86_64 1.0.0 26.00 129.00 155.00 OK
r-release-osx-x86_64 1.0.0 NOTE
r-oldrel-windows-ix86+x86_64 1.0.0 79.00 78.00 157.00 OK
r-oldrel-osx-x86_64 1.0.0 NOTE

Check Details

Version: 1.0.0
Check: dependencies in R code
Result: NOTE
    Namespace in Imports field not imported from: ‘devtools’
     All declared Imports should be used.
Flavors: r-devel-linux-x86_64-fedora-clang, r-devel-linux-x86_64-fedora-gcc, r-patched-solaris-x86, r-release-osx-x86_64, r-oldrel-osx-x86_64