CRAN Package Check Results for Package animation

Last updated on 2019-08-17 00:51:07 CEST.

Flavor Version Tinstall Tcheck Ttotal Status Flags
r-devel-linux-x86_64-debian-clang 2.6 5.11 33.72 38.83 NOTE
r-devel-linux-x86_64-debian-gcc 2.6 5.01 26.66 31.67 NOTE
r-devel-linux-x86_64-fedora-clang 2.6 46.84 NOTE
r-devel-linux-x86_64-fedora-gcc 2.6 45.17 NOTE
r-devel-windows-ix86+x86_64 2.6 15.00 68.00 83.00 OK
r-patched-linux-x86_64 2.6 5.83 33.96 39.79 OK
r-patched-solaris-x86 2.6 69.60 OK
r-release-linux-x86_64 2.6 4.24 33.55 37.79 OK
r-release-windows-ix86+x86_64 2.6 15.00 58.00 73.00 OK
r-release-osx-x86_64 2.6 OK
r-oldrel-windows-ix86+x86_64 2.6 11.00 59.00 70.00 OK
r-oldrel-osx-x86_64 2.6 OK

Check Details

Version: 2.6
Check: for non-standard things in the check directory
Result: NOTE
    Found the following files/directories:
     'BM-motion-chart.html' 'css' 'images' 'index.html' 'js'
Flavors: r-devel-linux-x86_64-debian-clang, r-devel-linux-x86_64-debian-gcc, r-devel-linux-x86_64-fedora-clang, r-devel-linux-x86_64-fedora-gcc