CRAN Package Check Results for Package anoint

Last updated on 2020-05-28 00:50:34 CEST.

Flavor Version Tinstall Tcheck Ttotal Status Flags
r-devel-linux-x86_64-debian-clang 1.4 11.63 74.69 86.32 NOTE
r-devel-linux-x86_64-debian-gcc 1.4 9.08 57.81 66.89 NOTE
r-devel-linux-x86_64-fedora-clang 1.4 102.95 NOTE
r-devel-linux-x86_64-fedora-gcc 1.4 103.14 NOTE
r-devel-windows-ix86+x86_64 1.4 29.00 119.00 148.00 NOTE
r-patched-linux-x86_64 1.4 11.99 74.24 86.23 NOTE
r-patched-solaris-x86 1.4 156.00 NOTE
r-release-linux-x86_64 1.4 10.45 73.80 84.25 NOTE
r-release-osx-x86_64 1.4 NOTE
r-release-windows-ix86+x86_64 1.4 22.00 113.00 135.00 NOTE
r-oldrel-osx-x86_64 1.4 NOTE
r-oldrel-windows-ix86+x86_64 1.4 17.00 89.00 106.00 NOTE

Check Details

Version: 1.4
Check: whether the namespace can be loaded with stated dependencies
Result: NOTE
    Warning: no function found corresponding to methods exports from 'anoint' for: 'show'
    
    A namespace must be able to be loaded with just the base namespace
    loaded: otherwise if the namespace gets loaded by a saved object, the
    session will be unable to start.
    
    Probably some imports need to be declared in the NAMESPACE file.
Flavors: r-devel-linux-x86_64-debian-clang, r-devel-linux-x86_64-debian-gcc, r-devel-linux-x86_64-fedora-clang, r-devel-linux-x86_64-fedora-gcc, r-devel-windows-ix86+x86_64, r-patched-linux-x86_64, r-patched-solaris-x86, r-release-linux-x86_64, r-release-osx-x86_64, r-release-windows-ix86+x86_64, r-oldrel-osx-x86_64, r-oldrel-windows-ix86+x86_64