CRAN Package Check Results for Package anoint

Last updated on 2019-05-21 00:51:56 CEST.

Flavor Version Tinstall Tcheck Ttotal Status Flags
r-devel-linux-x86_64-debian-clang 1.4 8.54 67.88 76.42 NOTE
r-devel-linux-x86_64-debian-gcc 1.4 8.03 54.88 62.91 NOTE
r-devel-linux-x86_64-fedora-clang 1.4 91.87 NOTE
r-devel-linux-x86_64-fedora-gcc 1.4 90.03 NOTE
r-devel-windows-ix86+x86_64 1.4 26.00 108.00 134.00 NOTE
r-patched-linux-x86_64 1.4 9.88 67.26 77.14 NOTE
r-patched-solaris-x86 1.4 152.40 NOTE
r-release-linux-x86_64 1.4 9.96 67.28 77.24 NOTE
r-release-windows-ix86+x86_64 1.4 23.00 125.00 148.00 NOTE
r-release-osx-x86_64 1.4 NOTE
r-oldrel-windows-ix86+x86_64 1.4 11.00 73.00 84.00 NOTE
r-oldrel-osx-x86_64 1.4 NOTE

Check Details

Version: 1.4
Check: whether the namespace can be loaded with stated dependencies
Result: NOTE
    Warning: no function found corresponding to methods exports from 'anoint' for: 'show'
    
    A namespace must be able to be loaded with just the base namespace
    loaded: otherwise if the namespace gets loaded by a saved object, the
    session will be unable to start.
    
    Probably some imports need to be declared in the NAMESPACE file.
Flavors: r-devel-linux-x86_64-debian-clang, r-devel-linux-x86_64-debian-gcc, r-devel-linux-x86_64-fedora-clang, r-devel-linux-x86_64-fedora-gcc, r-devel-windows-ix86+x86_64, r-patched-linux-x86_64, r-patched-solaris-x86, r-release-linux-x86_64, r-release-windows-ix86+x86_64, r-release-osx-x86_64, r-oldrel-windows-ix86+x86_64, r-oldrel-osx-x86_64