CRAN Package Check Results for Package antitrust

Last updated on 2019-08-23 00:48:13 CEST.

Flavor Version Tinstall Tcheck Ttotal Status Flags
r-devel-linux-x86_64-debian-clang 0.99.11 10.44 72.38 82.82 OK
r-devel-linux-x86_64-debian-gcc 0.99.11 9.11 57.18 66.29 OK
r-devel-linux-x86_64-fedora-clang 0.99.11 100.92 NOTE
r-devel-linux-x86_64-fedora-gcc 0.99.11 99.91 NOTE
r-devel-windows-ix86+x86_64 0.99.11 27.00 127.00 154.00 OK
r-patched-linux-x86_64 0.99.11 9.50 72.18 81.68 OK
r-patched-solaris-x86 0.99.11 130.40 NOTE
r-release-linux-x86_64 0.99.11 8.97 72.79 81.76 OK
r-release-windows-ix86+x86_64 0.99.11 23.00 122.00 145.00 OK
r-release-osx-x86_64 0.99.11 NOTE
r-oldrel-windows-ix86+x86_64 0.99.11 19.00 117.00 136.00 OK
r-oldrel-osx-x86_64 0.99.11 NOTE

Check Details

Version: 0.99.11
Check: dependencies in R code
Result: NOTE
    Namespaces in Imports field not imported from:
     ‘MASS’ ‘evd’
     All declared Imports should be used.
Flavors: r-devel-linux-x86_64-fedora-clang, r-devel-linux-x86_64-fedora-gcc, r-patched-solaris-x86, r-release-osx-x86_64, r-oldrel-osx-x86_64