CRAN Package Check Results for Package aod

Last updated on 2019-07-16 00:47:58 CEST.

Flavor Version Tinstall Tcheck Ttotal Status Flags
r-devel-linux-x86_64-debian-clang 1.3.1 5.50 39.57 45.07 NOTE
r-devel-linux-x86_64-debian-gcc 1.3.1 4.31 31.43 35.74 NOTE
r-devel-linux-x86_64-fedora-clang 1.3.1 54.69 NOTE
r-devel-linux-x86_64-fedora-gcc 1.3.1 50.87 NOTE
r-devel-windows-ix86+x86_64 1.3.1 13.00 54.00 67.00 NOTE
r-patched-linux-x86_64 1.3.1 4.95 39.04 43.99 NOTE
r-patched-solaris-x86 1.3.1 83.10 NOTE
r-release-linux-x86_64 1.3.1 5.49 39.84 45.33 NOTE
r-release-windows-ix86+x86_64 1.3.1 9.00 73.00 82.00 NOTE
r-release-osx-x86_64 1.3.1 NOTE
r-oldrel-windows-ix86+x86_64 1.3.1 12.00 68.00 80.00 NOTE
r-oldrel-osx-x86_64 1.3.1 NOTE

Check Details

Version: 1.3.1
Check: dependencies in R code
Result: NOTE
    'library' or 'require' call to 'boot' in package code.
     Please use :: or requireNamespace() instead.
     See section 'Suggested packages' in the 'Writing R Extensions' manual.
Flavors: r-devel-linux-x86_64-debian-clang, r-devel-linux-x86_64-debian-gcc, r-devel-linux-x86_64-fedora-clang, r-devel-linux-x86_64-fedora-gcc, r-devel-windows-ix86+x86_64, r-patched-linux-x86_64, r-patched-solaris-x86, r-release-linux-x86_64, r-release-windows-ix86+x86_64, r-release-osx-x86_64, r-oldrel-windows-ix86+x86_64, r-oldrel-osx-x86_64

Version: 1.3.1
Check: R code for possible problems
Result: NOTE
    varbin: no visible global function definition for 'boot'
    Undefined global functions or variables:
     boot
Flavors: r-devel-linux-x86_64-debian-clang, r-devel-linux-x86_64-debian-gcc, r-devel-linux-x86_64-fedora-clang, r-devel-linux-x86_64-fedora-gcc, r-devel-windows-ix86+x86_64, r-patched-linux-x86_64, r-patched-solaris-x86, r-release-linux-x86_64, r-release-windows-ix86+x86_64, r-release-osx-x86_64, r-oldrel-windows-ix86+x86_64, r-oldrel-osx-x86_64