CRAN Package Check Results for Package aod

Last updated on 2019-05-19 00:56:02 CEST.

Flavor Version Tinstall Tcheck Ttotal Status Flags
r-devel-linux-x86_64-debian-clang 1.3.1 5.66 39.47 45.13 NOTE
r-devel-linux-x86_64-debian-gcc 1.3.1 3.70 31.39 35.09 NOTE
r-devel-linux-x86_64-fedora-clang 1.3.1 53.12 NOTE
r-devel-linux-x86_64-fedora-gcc 1.3.1 50.24 NOTE
r-devel-windows-ix86+x86_64 1.3.1 16.00 73.00 89.00 NOTE
r-patched-linux-x86_64 1.3.1 4.67 39.15 43.82 NOTE
r-patched-solaris-x86 1.3.1 76.00 NOTE
r-release-linux-x86_64 1.3.1 5.00 39.37 44.37 NOTE
r-release-windows-ix86+x86_64 1.3.1 10.00 85.00 95.00 NOTE
r-release-osx-x86_64 1.3.1 NOTE
r-oldrel-windows-ix86+x86_64 1.3.1 8.00 72.00 80.00 NOTE
r-oldrel-osx-x86_64 1.3.1 NOTE

Check Details

Version: 1.3.1
Check: dependencies in R code
Result: NOTE
    'library' or 'require' call to 'boot' in package code.
     Please use :: or requireNamespace() instead.
     See section 'Suggested packages' in the 'Writing R Extensions' manual.
Flavors: r-devel-linux-x86_64-debian-clang, r-devel-linux-x86_64-debian-gcc, r-devel-linux-x86_64-fedora-clang, r-devel-linux-x86_64-fedora-gcc, r-devel-windows-ix86+x86_64, r-patched-linux-x86_64, r-patched-solaris-x86, r-release-linux-x86_64, r-release-windows-ix86+x86_64, r-release-osx-x86_64, r-oldrel-windows-ix86+x86_64, r-oldrel-osx-x86_64

Version: 1.3.1
Check: R code for possible problems
Result: NOTE
    varbin: no visible global function definition for 'boot'
    Undefined global functions or variables:
     boot
Flavors: r-devel-linux-x86_64-debian-clang, r-devel-linux-x86_64-debian-gcc, r-devel-linux-x86_64-fedora-clang, r-devel-linux-x86_64-fedora-gcc, r-devel-windows-ix86+x86_64, r-patched-linux-x86_64, r-patched-solaris-x86, r-release-linux-x86_64, r-release-windows-ix86+x86_64, r-release-osx-x86_64, r-oldrel-windows-ix86+x86_64, r-oldrel-osx-x86_64