CRAN Package Check Results for Package apaTables

Last updated on 2019-07-16 00:47:58 CEST.

Flavor Version Tinstall Tcheck Ttotal Status Flags
r-devel-linux-x86_64-debian-clang 2.0.5 6.65 60.64 67.29 NOTE
r-devel-linux-x86_64-debian-gcc 2.0.5 5.93 47.44 53.37 NOTE
r-devel-linux-x86_64-fedora-clang 2.0.5 82.51 NOTE
r-devel-linux-x86_64-fedora-gcc 2.0.5 76.66 NOTE
r-devel-windows-ix86+x86_64 2.0.5 23.00 98.00 121.00 OK
r-patched-linux-x86_64 2.0.5 5.62 58.88 64.50 OK
r-patched-solaris-x86 2.0.5 117.50 OK
r-release-linux-x86_64 2.0.5 6.97 58.58 65.55 OK
r-release-windows-ix86+x86_64 2.0.5 15.00 104.00 119.00 OK
r-release-osx-x86_64 2.0.5 OK
r-oldrel-windows-ix86+x86_64 2.0.5 14.00 106.00 120.00 OK
r-oldrel-osx-x86_64 2.0.5 OK

Check Details

Version: 2.0.5
Check: for non-standard things in the check directory
Result: NOTE
    Found the following files/directories:
     'ex.CorTable1.doc' 'ex1_anova_table.doc' 'ex1_d_table.doc'
     'ex1_desc_table.doc' 'ex1_ez_independent.doc' 'ex2_anova_table.doc'
     'ex2_desc_table.doc' 'ex2_repeated_table.doc' 'ex3_anova_table.doc'
     'ex3_desc_table.doc' 'ex3_mixed_table.doc' 'exInteraction1.doc'
     'exInteraction2.doc' 'exInteraction3.doc' 'exRegBlocksTable.doc'
     'exRegTable.doc'
Flavors: r-devel-linux-x86_64-debian-clang, r-devel-linux-x86_64-debian-gcc, r-devel-linux-x86_64-fedora-clang, r-devel-linux-x86_64-fedora-gcc