CRAN Package Check Results for Package apaTables

Last updated on 2020-05-28 00:50:34 CEST.

Flavor Version Tinstall Tcheck Ttotal Status Flags
r-devel-linux-x86_64-debian-clang 2.0.5 8.99 71.57 80.56 NOTE
r-devel-linux-x86_64-debian-gcc 2.0.5 7.23 54.40 61.63 NOTE
r-devel-linux-x86_64-fedora-clang 2.0.5 105.83 NOTE
r-devel-linux-x86_64-fedora-gcc 2.0.5 98.18 NOTE
r-devel-windows-ix86+x86_64 2.0.5 30.00 119.00 149.00 OK
r-patched-linux-x86_64 2.0.5 8.91 68.96 77.87 NOTE
r-patched-solaris-x86 2.0.5 128.00 NOTE
r-release-linux-x86_64 2.0.5 8.47 69.18 77.65 NOTE
r-release-osx-x86_64 2.0.5 OK
r-release-windows-ix86+x86_64 2.0.5 19.00 110.00 129.00 OK
r-oldrel-osx-x86_64 2.0.5 OK
r-oldrel-windows-ix86+x86_64 2.0.5 16.00 82.00 98.00 OK

Check Details

Version: 2.0.5
Check: for non-standard things in the check directory
Result: NOTE
    Found the following files/directories:
     'ex.CorTable1.doc' 'ex1_anova_table.doc' 'ex1_d_table.doc'
     'ex1_desc_table.doc' 'ex1_ez_independent.doc' 'ex2_anova_table.doc'
     'ex2_desc_table.doc' 'ex2_repeated_table.doc' 'ex3_anova_table.doc'
     'ex3_desc_table.doc' 'ex3_mixed_table.doc' 'exInteraction1.doc'
     'exInteraction2.doc' 'exInteraction3.doc' 'exRegBlocksTable.doc'
     'exRegTable.doc'
Flavors: r-devel-linux-x86_64-debian-clang, r-devel-linux-x86_64-debian-gcc, r-devel-linux-x86_64-fedora-clang, r-devel-linux-x86_64-fedora-gcc, r-patched-linux-x86_64, r-patched-solaris-x86, r-release-linux-x86_64