CRAN Package Check Results for Package arabicStemR

Last updated on 2019-08-19 00:46:17 CEST.

Flavor Version Tinstall Tcheck Ttotal Status Flags
r-devel-linux-x86_64-debian-clang 1.2 2.18 26.74 28.92 OK
r-devel-linux-x86_64-debian-gcc 1.2 2.14 20.82 22.96 OK
r-devel-linux-x86_64-fedora-clang 1.2 36.66 NOTE
r-devel-linux-x86_64-fedora-gcc 1.2 33.70 NOTE
r-devel-windows-ix86+x86_64 1.2 7.00 51.00 58.00 OK
r-patched-linux-x86_64 1.2 2.28 26.01 28.29 OK
r-patched-solaris-x86 1.2 51.90 NOTE
r-release-linux-x86_64 1.2 2.20 26.51 28.71 OK
r-release-windows-ix86+x86_64 1.2 5.00 51.00 56.00 OK
r-release-osx-x86_64 1.2 NOTE
r-oldrel-windows-ix86+x86_64 1.2 3.00 35.00 38.00 OK
r-oldrel-osx-x86_64 1.2 NOTE

Check Details

Version: 1.2
Check: data for non-ASCII characters
Result: NOTE
     Note: found 1 marked UTF-8 string
Flavors: r-devel-linux-x86_64-fedora-clang, r-devel-linux-x86_64-fedora-gcc, r-patched-solaris-x86, r-release-osx-x86_64, r-oldrel-osx-x86_64