CRAN Package Check Results for Package arabicStemR

Last updated on 2019-12-16 00:48:48 CET.

Flavor Version Tinstall Tcheck Ttotal Status Flags
r-devel-linux-x86_64-debian-clang 1.2 2.69 26.82 29.51 OK
r-devel-linux-x86_64-debian-gcc 1.2 2.45 21.17 23.62 OK
r-devel-linux-x86_64-fedora-clang 1.2 36.90 NOTE
r-devel-linux-x86_64-fedora-gcc 1.2 35.44 NOTE
r-devel-windows-ix86+x86_64 1.2 6.00 55.00 61.00 OK
r-devel-windows-ix86+x86_64-gcc8 1.2 5.00 40.00 45.00 OK
r-patched-linux-x86_64 1.2 2.41 26.15 28.56 OK
r-patched-solaris-x86 1.2 49.80 NOTE
r-release-linux-x86_64 1.2 2.07 25.85 27.92 OK
r-release-windows-ix86+x86_64 1.2 5.00 51.00 56.00 OK
r-release-osx-x86_64 1.2 NOTE
r-oldrel-windows-ix86+x86_64 1.2 3.00 35.00 38.00 OK
r-oldrel-osx-x86_64 1.2 NOTE

Check Details

Version: 1.2
Check: data for non-ASCII characters
Result: NOTE
     Note: found 1 marked UTF-8 string
Flavors: r-devel-linux-x86_64-fedora-clang, r-devel-linux-x86_64-fedora-gcc, r-patched-solaris-x86, r-release-osx-x86_64, r-oldrel-osx-x86_64