CRAN Package Check Results for Package arena2r

Last updated on 2019-12-06 00:49:49 CET.

Flavor Version Tinstall Tcheck Ttotal Status Flags
r-devel-linux-x86_64-debian-clang 1.0.0 2.55 37.04 39.59 OK
r-devel-linux-x86_64-debian-gcc 1.0.0 1.96 28.74 30.70 OK
r-devel-linux-x86_64-fedora-clang 1.0.0 45.85 NOTE
r-devel-linux-x86_64-fedora-gcc 1.0.0 45.09 NOTE
r-devel-windows-ix86+x86_64 1.0.0 8.00 62.00 70.00 OK
r-devel-windows-ix86+x86_64-gcc8 1.0.0 11.00 51.00 62.00 OK
r-patched-linux-x86_64 1.0.0 2.03 34.43 36.46 OK
r-patched-solaris-x86 1.0.0 59.30 NOTE
r-release-linux-x86_64 1.0.0 2.06 34.22 36.28 OK
r-release-windows-ix86+x86_64 1.0.0 6.00 45.00 51.00 OK
r-release-osx-x86_64 1.0.0 NOTE
r-oldrel-windows-ix86+x86_64 1.0.0 4.00 63.00 67.00 OK
r-oldrel-osx-x86_64 1.0.0 NOTE

Check Details

Version: 1.0.0
Check: dependencies in R code
Result: NOTE
    Namespaces in Imports field not imported from:
     ‘purrr’ ‘shinyBS’ ‘shinydashboard’ ‘shinyjs’
     All declared Imports should be used.
Flavors: r-devel-linux-x86_64-fedora-clang, r-devel-linux-x86_64-fedora-gcc, r-patched-solaris-x86, r-release-osx-x86_64, r-oldrel-osx-x86_64