CRAN Package Check Results for Package arena2r

Last updated on 2019-08-17 00:51:07 CEST.

Flavor Version Tinstall Tcheck Ttotal Status Flags
r-devel-linux-x86_64-debian-clang 1.0.0 2.25 34.34 36.59 OK
r-devel-linux-x86_64-debian-gcc 1.0.0 1.94 27.81 29.75 OK
r-devel-linux-x86_64-fedora-clang 1.0.0 43.84 NOTE
r-devel-linux-x86_64-fedora-gcc 1.0.0 41.73 NOTE
r-devel-windows-ix86+x86_64 1.0.0 9.00 61.00 70.00 OK
r-patched-linux-x86_64 1.0.0 2.21 33.85 36.06 OK
r-patched-solaris-x86 1.0.0 61.60 NOTE
r-release-linux-x86_64 1.0.0 2.12 33.98 36.10 OK
r-release-windows-ix86+x86_64 1.0.0 11.00 75.00 86.00 OK
r-release-osx-x86_64 1.0.0 NOTE
r-oldrel-windows-ix86+x86_64 1.0.0 8.00 58.00 66.00 OK
r-oldrel-osx-x86_64 1.0.0 NOTE

Check Details

Version: 1.0.0
Check: dependencies in R code
Result: NOTE
    Namespaces in Imports field not imported from:
     ‘purrr’ ‘shinyBS’ ‘shinydashboard’ ‘shinyjs’
     All declared Imports should be used.
Flavors: r-devel-linux-x86_64-fedora-clang, r-devel-linux-x86_64-fedora-gcc, r-patched-solaris-x86, r-release-osx-x86_64, r-oldrel-osx-x86_64