CRAN Package Check Results for Package aroma.affymetrix

Last updated on 2019-09-22 00:47:33 CEST.

Flavor Version Tinstall Tcheck Ttotal Status Flags
r-devel-linux-x86_64-debian-clang 3.2.0 52.33 246.24 298.57 OK
r-devel-linux-x86_64-debian-gcc 3.2.0 43.43 188.16 231.59 OK
r-devel-linux-x86_64-fedora-clang 3.2.0 393.52 NOTE
r-devel-linux-x86_64-fedora-gcc 3.2.0 394.28 OK
r-devel-windows-ix86+x86_64 3.2.0 108.00 244.00 352.00 NOTE
r-patched-linux-x86_64 3.2.0 47.88 250.41 298.29 OK
r-patched-solaris-x86 3.2.0 447.70 NOTE
r-release-linux-x86_64 3.2.0 48.50 251.53 300.03 OK
r-release-windows-ix86+x86_64 3.2.0 72.00 237.00 309.00 NOTE
r-release-osx-x86_64 3.2.0 ERROR
r-oldrel-windows-ix86+x86_64 3.2.0 65.00 238.00 303.00 NOTE
r-oldrel-osx-x86_64 3.2.0 NOTE

Check Details

Version: 3.2.0
Check: installed package size
Result: NOTE
     installed size is 5.8Mb
     sub-directories of 1Mb or more:
     R 2.3Mb
     help 1.1Mb
     testScripts 1.3Mb
Flavors: r-devel-linux-x86_64-fedora-clang, r-devel-windows-ix86+x86_64, r-patched-solaris-x86, r-release-windows-ix86+x86_64, r-oldrel-windows-ix86+x86_64, r-oldrel-osx-x86_64

Version: 3.2.0
Check: package dependencies
Result: ERROR
    Package required but not available: ‘aroma.core’
    
    Packages suggested but not available for checking:
     'Biobase', 'BiocGenerics', 'affxparser', 'affy', 'affyPLM',
     'aroma.light', 'gcrma', 'limma', 'oligo', 'oligoClasses',
     'pdInfoBuilder', 'preprocessCore', 'AffymetrixDataTestFiles'
    
    See section ‘The DESCRIPTION file’ in the ‘Writing R Extensions’
    manual.
Flavor: r-release-osx-x86_64

Version: 3.2.0
Check: package dependencies
Result: NOTE
    Package suggested but not available for checking: ‘AffymetrixDataTestFiles’
Flavor: r-oldrel-osx-x86_64