CRAN Package Check Results for Package aroma.apd

Last updated on 2019-07-16 00:47:58 CEST.

Flavor Version Tinstall Tcheck Ttotal Status Flags
r-devel-linux-x86_64-debian-clang 0.6.0 3.34 30.88 34.22 OK
r-devel-linux-x86_64-debian-gcc 0.6.0 2.40 24.90 27.30 OK
r-devel-linux-x86_64-fedora-clang 0.6.0 40.55 OK
r-devel-linux-x86_64-fedora-gcc 0.6.0 40.06 OK
r-devel-windows-ix86+x86_64 0.6.0 10.00 46.00 56.00 OK
r-patched-linux-x86_64 0.6.0 2.64 30.92 33.56 OK
r-patched-solaris-x86 0.6.0 68.20 OK
r-release-linux-x86_64 0.6.0 2.97 31.31 34.28 OK
r-release-windows-ix86+x86_64 0.6.0 6.00 65.00 71.00 OK
r-release-osx-x86_64 0.6.0 NOTE
r-oldrel-windows-ix86+x86_64 0.6.0 6.00 45.00 51.00 OK
r-oldrel-osx-x86_64 0.6.0 OK

Check Details

Version: 0.6.0
Check: package dependencies
Result: NOTE
    Package suggested but not available for checking: ‘affxparser’
Flavor: r-release-osx-x86_64

Version: 0.6.0
Check: Rd cross-references
Result: NOTE
    Package unavailable to check Rd xrefs: ‘affxparser’
Flavor: r-release-osx-x86_64