CRAN Package Check Results for Package aroma.apd

Last updated on 2020-02-24 00:48:33 CET.

Flavor Version Tinstall Tcheck Ttotal Status Flags
r-devel-linux-x86_64-debian-clang 0.6.0 3.81 32.80 36.61 OK
r-devel-linux-x86_64-debian-gcc 0.6.0 OK
r-devel-linux-x86_64-fedora-clang 0.6.0 44.48 OK
r-devel-linux-x86_64-fedora-gcc 0.6.0 43.62 OK
r-devel-windows-ix86+x86_64 0.6.0 8.00 50.00 58.00 OK
r-devel-windows-ix86+x86_64-gcc8 0.6.0 12.00 65.00 77.00 OK
r-patched-linux-x86_64 0.6.0 OK
r-patched-solaris-x86 0.6.0 67.30 OK
r-release-linux-x86_64 0.6.0 2.58 30.33 32.91 OK
r-release-windows-ix86+x86_64 0.6.0 6.00 49.00 55.00 OK
r-release-osx-x86_64 0.6.0 NOTE
r-oldrel-windows-ix86+x86_64 0.6.0 6.00 50.00 56.00 OK
r-oldrel-osx-x86_64 0.6.0 OK

Check Details

Version: 0.6.0
Check: package dependencies
Result: NOTE
    Package suggested but not available for checking: ‘affxparser’
Flavor: r-release-osx-x86_64

Version: 0.6.0
Check: Rd cross-references
Result: NOTE
    Package unavailable to check Rd xrefs: ‘affxparser’
Flavor: r-release-osx-x86_64