CRAN Package Check Results for Package aroma.apd

Last updated on 2019-05-19 00:56:03 CEST.

Flavor Version Tinstall Tcheck Ttotal Status Flags
r-devel-linux-x86_64-debian-clang 0.6.0 2.87 31.02 33.89 OK
r-devel-linux-x86_64-debian-gcc 0.6.0 2.52 24.86 27.38 OK
r-devel-linux-x86_64-fedora-clang 0.6.0 40.44 OK
r-devel-linux-x86_64-fedora-gcc 0.6.0 39.39 OK
r-devel-windows-ix86+x86_64 0.6.0 9.00 64.00 73.00 OK
r-patched-linux-x86_64 0.6.0 3.33 31.36 34.69 OK
r-patched-solaris-x86 0.6.0 64.40 OK
r-release-linux-x86_64 0.6.0 3.07 31.05 34.12 OK
r-release-windows-ix86+x86_64 0.6.0 9.00 62.00 71.00 OK
r-release-osx-x86_64 0.6.0 NOTE
r-oldrel-windows-ix86+x86_64 0.6.0 5.00 59.00 64.00 OK
r-oldrel-osx-x86_64 0.6.0 OK

Check Details

Version: 0.6.0
Check: package dependencies
Result: NOTE
    Package suggested but not available for checking: ‘affxparser’
Flavor: r-release-osx-x86_64

Version: 0.6.0
Check: Rd cross-references
Result: NOTE
    Package unavailable to check Rd xrefs: ‘affxparser’
Flavor: r-release-osx-x86_64