CRAN Package Check Results for Package aroma.cn

Last updated on 2019-09-21 00:52:35 CEST.

Flavor Version Tinstall Tcheck Ttotal Status Flags
r-devel-linux-x86_64-debian-clang 1.6.1 11.00 69.59 80.59 OK
r-devel-linux-x86_64-debian-gcc 1.6.1 9.57 55.69 65.26 OK
r-devel-linux-x86_64-fedora-clang 1.6.1 99.47 OK
r-devel-linux-x86_64-fedora-gcc 1.6.1 100.54 OK
r-devel-windows-ix86+x86_64 1.6.1 33.00 73.00 106.00 OK
r-patched-linux-x86_64 1.6.1 10.40 70.62 81.02 OK
r-patched-solaris-x86 1.6.1 135.60 OK
r-release-linux-x86_64 1.6.1 10.87 71.52 82.39 OK
r-release-windows-ix86+x86_64 1.6.1 22.00 95.00 117.00 OK
r-release-osx-x86_64 1.6.1 ERROR
r-oldrel-windows-ix86+x86_64 1.6.1 17.00 123.00 140.00 OK
r-oldrel-osx-x86_64 1.6.1 NOTE

Check Details

Version: 1.6.1
Check: package dependencies
Result: ERROR
    Packages required but not available: 'aroma.core', 'PSCBS'
    
    Packages suggested but not available for checking:
     'aroma.light', 'DNAcopy', 'GLAD'
    
    See section ‘The DESCRIPTION file’ in the ‘Writing R Extensions’
    manual.
Flavor: r-release-osx-x86_64

Version: 1.6.1
Check: package dependencies
Result: NOTE
    Package suggested but not available for checking: ‘GLAD’
Flavor: r-oldrel-osx-x86_64