CRAN Package Check Results for Package aroma.core

Last updated on 2020-02-20 00:54:06 CET.

Flavor Version Tinstall Tcheck Ttotal Status Flags
r-devel-linux-x86_64-debian-clang 3.2.1 29.45 166.98 196.43 NOTE
r-devel-linux-x86_64-debian-gcc 3.2.1 27.37 126.02 153.39 NOTE
r-devel-linux-x86_64-fedora-clang 3.2.1 238.24 NOTE
r-devel-linux-x86_64-fedora-gcc 3.2.1 241.99 NOTE
r-devel-windows-ix86+x86_64 3.2.1 45.00 168.00 213.00 NOTE
r-devel-windows-ix86+x86_64-gcc8 3.2.0 84.00 223.00 307.00 NOTE
r-patched-linux-x86_64 3.2.1 25.90 148.38 174.28 NOTE
r-patched-solaris-x86 3.2.1 248.50 NOTE
r-release-linux-x86_64 3.2.1 21.70 148.12 169.82 NOTE
r-release-windows-ix86+x86_64 3.2.1 40.00 159.00 199.00 NOTE
r-release-osx-x86_64 3.2.1 NOTE
r-oldrel-windows-ix86+x86_64 3.2.1 35.00 157.00 192.00 NOTE
r-oldrel-osx-x86_64 3.2.1 NOTE

Check Details

Version: 3.2.1
Check: package dependencies
Result: NOTE
    Packages suggested but not available for checking:
     'sfit', 'expectile', 'HaarSeg', 'mpcbs'
Flavors: r-devel-linux-x86_64-debian-clang, r-devel-linux-x86_64-debian-gcc, r-devel-linux-x86_64-fedora-clang, r-devel-linux-x86_64-fedora-gcc, r-devel-windows-ix86+x86_64, r-patched-linux-x86_64, r-patched-solaris-x86, r-release-linux-x86_64, r-release-windows-ix86+x86_64

Version: 3.2.0
Check: package dependencies
Result: NOTE
    Packages suggested but not available for checking:
     'sfit', 'expectile', 'HaarSeg', 'mpcbs'
Flavor: r-devel-windows-ix86+x86_64-gcc8

Version: 3.2.1
Check: package dependencies
Result: NOTE
    Packages suggested but not available for checking:
     'GLAD', 'sfit', 'expectile', 'HaarSeg', 'mpcbs'
Flavor: r-release-osx-x86_64

Version: 3.2.1
Check: Rd cross-references
Result: NOTE
    Package unavailable to check Rd xrefs: ‘GLAD’
Flavors: r-release-osx-x86_64, r-oldrel-osx-x86_64

Version: 3.2.1
Check: package dependencies
Result: NOTE
    Packages suggested but not available for checking:
     'sfit' 'expectile' 'HaarSeg' 'mpcbs'
Flavor: r-oldrel-windows-ix86+x86_64

Version: 3.2.1
Check: package dependencies
Result: NOTE
    Packages suggested but not available for checking:
     ‘GLAD’ ‘sfit’ ‘expectile’ ‘HaarSeg’ ‘mpcbs’
Flavor: r-oldrel-osx-x86_64