CRAN Package Check Results for Package aroma.core

Last updated on 2019-09-22 00:47:33 CEST.

Flavor Version Tinstall Tcheck Ttotal Status Flags
r-devel-linux-x86_64-debian-clang 3.2.0 25.15 146.92 172.07 NOTE
r-devel-linux-x86_64-debian-gcc 3.2.0 22.73 114.98 137.71 NOTE
r-devel-linux-x86_64-fedora-clang 3.2.0 210.09 NOTE
r-devel-linux-x86_64-fedora-gcc 3.2.0 207.23 NOTE
r-devel-windows-ix86+x86_64 3.2.0 69.00 156.00 225.00 NOTE
r-patched-linux-x86_64 3.2.0 25.17 148.03 173.20 NOTE
r-patched-solaris-x86 3.2.0 269.80 NOTE
r-release-linux-x86_64 3.2.0 24.27 149.04 173.31 NOTE
r-release-windows-ix86+x86_64 3.2.0 41.00 151.00 192.00 NOTE
r-release-osx-x86_64 3.2.0 ERROR
r-oldrel-windows-ix86+x86_64 3.2.0 39.00 208.00 247.00 NOTE
r-oldrel-osx-x86_64 3.2.0 NOTE

Check Details

Version: 3.2.0
Check: package dependencies
Result: NOTE
    Packages suggested but not available for checking:
     'sfit', 'expectile', 'HaarSeg', 'mpcbs'
Flavors: r-devel-linux-x86_64-debian-clang, r-devel-linux-x86_64-debian-gcc, r-devel-linux-x86_64-fedora-clang, r-devel-linux-x86_64-fedora-gcc, r-devel-windows-ix86+x86_64, r-patched-linux-x86_64, r-patched-solaris-x86, r-release-linux-x86_64, r-release-windows-ix86+x86_64

Version: 3.2.0
Check: package dependencies
Result: ERROR
    Package required but not available: ‘PSCBS’
    
    Packages suggested but not available for checking:
     'EBImage', 'preprocessCore', 'aroma.light', 'DNAcopy', 'GLAD',
     'sfit', 'expectile', 'HaarSeg', 'mpcbs'
    
    See section ‘The DESCRIPTION file’ in the ‘Writing R Extensions’
    manual.
Flavor: r-release-osx-x86_64

Version: 3.2.0
Check: package dependencies
Result: NOTE
    Packages suggested but not available for checking:
     'sfit' 'expectile' 'HaarSeg' 'mpcbs'
Flavor: r-oldrel-windows-ix86+x86_64

Version: 3.2.0
Check: package dependencies
Result: NOTE
    Packages suggested but not available for checking:
     ‘GLAD’ ‘sfit’ ‘expectile’ ‘HaarSeg’ ‘mpcbs’
Flavor: r-oldrel-osx-x86_64

Version: 3.2.0
Check: Rd cross-references
Result: NOTE
    Package unavailable to check Rd xrefs: ‘GLAD’
Flavor: r-oldrel-osx-x86_64