CRAN Package Check Results for Package arsenal

Last updated on 2019-05-22 00:47:16 CEST.

Flavor Version Tinstall Tcheck Ttotal Status Flags
r-devel-linux-x86_64-debian-clang 3.1.0 7.08 125.25 132.33 OK
r-devel-linux-x86_64-debian-gcc 3.1.0 6.14 95.92 102.06 OK
r-devel-linux-x86_64-fedora-clang 3.1.0 154.63 OK
r-devel-linux-x86_64-fedora-gcc 3.1.0 150.02 OK
r-devel-windows-ix86+x86_64 3.1.0 12.00 140.00 152.00 OK
r-patched-linux-x86_64 3.1.0 6.35 123.97 130.32 OK
r-patched-solaris-x86 3.1.0 211.20 ERROR
r-release-linux-x86_64 3.1.0 7.83 124.13 131.96 OK
r-release-windows-ix86+x86_64 3.1.0 15.00 178.00 193.00 OK
r-release-osx-x86_64 3.1.0 ERROR
r-oldrel-windows-ix86+x86_64 3.1.0 10.00 117.00 127.00 OK
r-oldrel-osx-x86_64 3.1.0 ERROR

Check Details

Version: 3.1.0
Check: examples
Result: ERROR
    Running examples in ‘arsenal-Ex.R’ failed
    The error most likely occurred in:
    
    > ### Name: write2
    > ### Title: write2
    > ### Aliases: write2 write2.arsenal_table write2.summary.arsenal_table
    > ### write2.comparedf write2.summary.comparedf write2.verbatim write2.yaml
    > ### write2.code.chunk write2.knitr_kable write2.xtable write2.character
    > ### write2.list write2.default
    >
    > ### ** Examples
    >
    > ## Not run:
    > ##D data(mockstudy)
    > ##D # tableby example
    > ##D tab1 <- tableby(arm ~ sex + age, data=mockstudy)
    > ##D write2(tab1, tempfile(fileext = ".rtf"),
    > ##D toc = TRUE, # passed to rmarkdown::rtf_document, though in this case it's not practical
    > ##D quiet = TRUE, # passed to rmarkdown::render
    > ##D title = "My cool new title", # passed to summary.tableby
    > ##D output_format = rmarkdown::rtf_document)
    > ## End(Not run)
    >
    > write2html(list(
    + "# Header 1", # a header
    + code.chunk(a <- 1, b <- 2, a + b), # a code chunk
    + verbatim("hi there") # verbatim output
    + ),
    + tempfile(fileext = ".html"),
    + quite = TRUE)
    Error: pandoc version 1.12.3 or higher is required and was not found (see the help page ?rmarkdown::pandoc_available).
    Execution halted
Flavors: r-patched-solaris-x86, r-release-osx-x86_64, r-oldrel-osx-x86_64