CRAN Package Check Results for Package arulesNBMiner

Last updated on 2019-09-21 00:52:35 CEST.

Flavor Version Tinstall Tcheck Ttotal Status Flags
r-devel-linux-x86_64-debian-clang 0.1-5 10.02 79.95 89.97 OK
r-devel-linux-x86_64-debian-gcc 0.1-5 8.23 63.74 71.97 OK
r-devel-linux-x86_64-fedora-clang 0.1-5 109.93 OK
r-devel-linux-x86_64-fedora-gcc 0.1-5 109.64 OK
r-devel-windows-ix86+x86_64 0.1-5 17.00 6.00 23.00 ERROR
r-patched-linux-x86_64 0.1-5 9.45 76.94 86.39 OK
r-patched-solaris-x86 0.1-5 171.40 OK
r-release-linux-x86_64 0.1-5 8.22 79.46 87.68 OK
r-release-windows-ix86+x86_64 0.1-5 19.00 108.00 127.00 OK
r-release-osx-x86_64 0.1-5 OK
r-oldrel-windows-ix86+x86_64 0.1-5 10.00 77.00 87.00 OK
r-oldrel-osx-x86_64 0.1-5 OK

Check Details

Version: 0.1-5
Check: whether package can be installed
Result: ERROR
    Installation failed.
Flavor: r-devel-windows-ix86+x86_64