CRAN Package Check Results for Package aslib

Last updated on 2019-09-20 00:47:29 CEST.

Flavor Version Tinstall Tcheck Ttotal Status Flags
r-devel-linux-x86_64-debian-clang 0.1 16.92 152.04 168.96 OK
r-devel-linux-x86_64-debian-gcc 0.1 15.49 117.03 132.52 OK
r-devel-linux-x86_64-fedora-clang 0.1 204.03 OK
r-devel-linux-x86_64-fedora-gcc 0.1 207.39 OK
r-devel-windows-ix86+x86_64 0.1 33.00 7.00 40.00 ERROR
r-patched-linux-x86_64 0.1 15.95 146.00 161.95 OK
r-release-linux-x86_64 0.1 16.73 146.80 163.53 OK
r-release-windows-ix86+x86_64 0.1 32.00 149.00 181.00 OK
r-release-osx-x86_64 0.1 OK
r-oldrel-windows-ix86+x86_64 0.1 17.00 138.00 155.00 OK
r-oldrel-osx-x86_64 0.1 OK

Check Details

Version: 0.1
Check: whether package can be installed
Result: ERROR
    Installation failed.
Flavor: r-devel-windows-ix86+x86_64