CRAN Package Check Results for Package astrolibR

Last updated on 2019-05-21 00:51:57 CEST.

Flavor Version Tinstall Tcheck Ttotal Status Flags
r-devel-linux-x86_64-debian-clang 0.1 6.34 40.58 46.92 NOTE
r-devel-linux-x86_64-debian-gcc 0.1 5.84 32.21 38.05 NOTE
r-devel-linux-x86_64-fedora-clang 0.1 56.30 NOTE
r-devel-linux-x86_64-fedora-gcc 0.1 54.51 NOTE
r-devel-windows-ix86+x86_64 0.1 54.00 72.00 126.00 NOTE
r-patched-linux-x86_64 0.1 5.78 40.97 46.75 NOTE
r-patched-solaris-x86 0.1 72.90 NOTE
r-release-linux-x86_64 0.1 5.47 40.84 46.31 NOTE
r-release-windows-ix86+x86_64 0.1 17.00 71.00 88.00 NOTE
r-release-osx-x86_64 0.1 NOTE
r-oldrel-windows-ix86+x86_64 0.1 10.00 47.00 57.00 NOTE
r-oldrel-osx-x86_64 0.1 NOTE

Check Details

Version: 0.1
Check: R code for possible problems
Result: NOTE
    fm_unred: no visible global function definition for 'spline'
    galage: no visible global function definition for 'integrate'
    lumdist: no visible global function definition for 'integrate'
    Undefined global functions or variables:
     integrate spline
    Consider adding
     importFrom("stats", "integrate", "spline")
    to your NAMESPACE file.
Flavors: r-devel-linux-x86_64-debian-clang, r-devel-linux-x86_64-debian-gcc, r-devel-linux-x86_64-fedora-clang, r-devel-linux-x86_64-fedora-gcc, r-devel-windows-ix86+x86_64, r-patched-linux-x86_64, r-patched-solaris-x86, r-release-linux-x86_64, r-release-windows-ix86+x86_64, r-release-osx-x86_64, r-oldrel-windows-ix86+x86_64, r-oldrel-osx-x86_64