CRAN Package Check Results for Package astrolibR

Last updated on 2020-05-28 00:50:34 CEST.

Flavor Version Tinstall Tcheck Ttotal Status Flags
r-devel-linux-x86_64-debian-clang 0.1 7.49 44.54 52.03 NOTE
r-devel-linux-x86_64-debian-gcc 0.1 6.11 34.29 40.40 NOTE
r-devel-linux-x86_64-fedora-clang 0.1 63.33 NOTE
r-devel-linux-x86_64-fedora-gcc 0.1 62.05 NOTE
r-devel-windows-ix86+x86_64 0.1 16.00 77.00 93.00 NOTE
r-patched-linux-x86_64 0.1 7.20 45.14 52.34 NOTE
r-patched-solaris-x86 0.1 81.00 NOTE
r-release-linux-x86_64 0.1 8.20 44.47 52.67 NOTE
r-release-osx-x86_64 0.1 NOTE
r-release-windows-ix86+x86_64 0.1 11.00 53.00 64.00 NOTE
r-oldrel-osx-x86_64 0.1 NOTE
r-oldrel-windows-ix86+x86_64 0.1 11.00 76.00 87.00 NOTE

Check Details

Version: 0.1
Check: R code for possible problems
Result: NOTE
    fm_unred: no visible global function definition for 'spline'
    galage: no visible global function definition for 'integrate'
    lumdist: no visible global function definition for 'integrate'
    Undefined global functions or variables:
     integrate spline
    Consider adding
     importFrom("stats", "integrate", "spline")
    to your NAMESPACE file.
Flavors: r-devel-linux-x86_64-debian-clang, r-devel-linux-x86_64-debian-gcc, r-devel-linux-x86_64-fedora-clang, r-devel-linux-x86_64-fedora-gcc, r-devel-windows-ix86+x86_64, r-patched-linux-x86_64, r-patched-solaris-x86, r-release-linux-x86_64, r-release-osx-x86_64, r-release-windows-ix86+x86_64, r-oldrel-osx-x86_64, r-oldrel-windows-ix86+x86_64