CRAN Package Check Results for Package astrolibR

Last updated on 2019-07-16 00:47:59 CEST.

Flavor Version Tinstall Tcheck Ttotal Status Flags
r-devel-linux-x86_64-debian-clang 0.1 6.88 40.98 47.86 NOTE
r-devel-linux-x86_64-debian-gcc 0.1 4.96 32.28 37.24 NOTE
r-devel-linux-x86_64-fedora-clang 0.1 57.14 NOTE
r-devel-linux-x86_64-fedora-gcc 0.1 55.71 NOTE
r-devel-windows-ix86+x86_64 0.1 10.00 53.00 63.00 NOTE
r-patched-linux-x86_64 0.1 6.90 41.25 48.15 NOTE
r-patched-solaris-x86 0.1 76.10 NOTE
r-release-linux-x86_64 0.1 6.08 40.63 46.71 NOTE
r-release-windows-ix86+x86_64 0.1 11.00 76.00 87.00 NOTE
r-release-osx-x86_64 0.1 NOTE
r-oldrel-windows-ix86+x86_64 0.1 10.00 47.00 57.00 NOTE
r-oldrel-osx-x86_64 0.1 NOTE

Check Details

Version: 0.1
Check: R code for possible problems
Result: NOTE
    fm_unred: no visible global function definition for 'spline'
    galage: no visible global function definition for 'integrate'
    lumdist: no visible global function definition for 'integrate'
    Undefined global functions or variables:
     integrate spline
    Consider adding
     importFrom("stats", "integrate", "spline")
    to your NAMESPACE file.
Flavors: r-devel-linux-x86_64-debian-clang, r-devel-linux-x86_64-debian-gcc, r-devel-linux-x86_64-fedora-clang, r-devel-linux-x86_64-fedora-gcc, r-devel-windows-ix86+x86_64, r-patched-linux-x86_64, r-patched-solaris-x86, r-release-linux-x86_64, r-release-windows-ix86+x86_64, r-release-osx-x86_64, r-oldrel-windows-ix86+x86_64, r-oldrel-osx-x86_64