CRAN Package Check Results for Package autovarCore

Last updated on 2019-09-17 00:49:09 CEST.

Flavor Version Tinstall Tcheck Ttotal Status Flags
r-devel-linux-x86_64-debian-clang 1.0-4 27.06 57.11 84.17 OK
r-devel-linux-x86_64-debian-gcc 1.0-4 OK
r-devel-linux-x86_64-fedora-clang 1.0-4 113.32 NOTE
r-devel-linux-x86_64-fedora-gcc 1.0-4 103.31 NOTE
r-devel-windows-ix86+x86_64 1.0-4 69.00 112.00 181.00 OK
r-patched-linux-x86_64 1.0-4 22.63 55.47 78.10 OK
r-patched-solaris-x86 1.0-4 106.70 NOTE
r-release-linux-x86_64 1.0-4 24.13 56.80 80.93 OK
r-release-windows-ix86+x86_64 1.0-4 50.00 77.00 127.00 OK
r-release-osx-x86_64 1.0-4 NOTE
r-oldrel-windows-ix86+x86_64 1.0-4 66.00 80.00 146.00 OK
r-oldrel-osx-x86_64 1.0-4 NOTE

Check Details

Version: 1.0-4
Check: dependencies in R code
Result: NOTE
    Namespaces in Imports field not imported from:
     ‘Rcpp’ ‘jsonlite’
     All declared Imports should be used.
Flavors: r-devel-linux-x86_64-fedora-clang, r-devel-linux-x86_64-fedora-gcc, r-patched-solaris-x86, r-release-osx-x86_64, r-oldrel-osx-x86_64