CRAN Package Check Results for Package bayesCL

Last updated on 2019-06-26 00:47:10 CEST.

Flavor Version Tinstall Tcheck Ttotal Status Flags
r-devel-linux-x86_64-debian-clang 0.0.1 7.11 17.39 24.50 WARN --no-examples --no-tests --no-vignettes
r-devel-linux-x86_64-debian-gcc 0.0.1 5.43 14.14 19.57 WARN --no-examples --no-tests --no-vignettes
r-devel-windows-ix86+x86_64 0.0.1 1.00 3.00 4.00 ERROR
r-patched-linux-x86_64 0.0.1 6.25 16.93 23.18 WARN --no-examples --no-tests --no-vignettes
r-release-linux-x86_64 0.0.1 6.76 17.51 24.27 WARN --no-examples --no-tests --no-vignettes
r-release-osx-x86_64 0.0.1 ERROR
r-oldrel-windows-ix86+x86_64 0.0.1 1.00 3.00 4.00 ERROR
r-oldrel-osx-x86_64 0.0.1 ERROR

Check Details

Version: 0.0.1
Flags: --no-examples --no-tests --no-vignettes
Check: whether package can be installed
Result: WARN
    Found the following significant warnings:
     Blasso.cpp:451:51: warning: assigning field to itself [-Wself-assign-field]
Flavor: r-devel-linux-x86_64-debian-clang

Version: 0.0.1
Flags: --no-examples --no-tests --no-vignettes
Check: whether package can be installed
Result: WARN
    Found the following significant warnings:
     Blasso.cpp:451:53: warning: ‘*<unknown>.Blasso::icept’ is used uninitialized in this function [-Wuninitialized]
Flavors: r-devel-linux-x86_64-debian-gcc, r-patched-linux-x86_64, r-release-linux-x86_64

Version: 0.0.1
Check: whether package can be installed
Result: ERROR
    Installation failed.
Flavors: r-devel-windows-ix86+x86_64, r-release-osx-x86_64, r-oldrel-windows-ix86+x86_64, r-oldrel-osx-x86_64