CRAN Package Check Results for Package bayesCL

Last updated on 2019-09-20 00:47:29 CEST.

Flavor Version Tinstall Tcheck Ttotal Status Flags
r-devel-linux-x86_64-debian-clang 0.0.1 7.84 17.04 24.88 WARN --no-examples --no-tests --no-vignettes
r-devel-linux-x86_64-debian-gcc 0.0.1 5.73 14.02 19.75 WARN --no-examples --no-tests --no-vignettes
r-devel-windows-ix86+x86_64 0.0.1 1.00 4.00 5.00 ERROR
r-patched-linux-x86_64 0.0.1 5.72 17.08 22.80 WARN --no-examples --no-tests --no-vignettes
r-release-linux-x86_64 0.0.1 6.36 17.01 23.37 WARN --no-examples --no-tests --no-vignettes
r-release-osx-x86_64 0.0.1 ERROR
r-oldrel-windows-ix86+x86_64 0.0.1 1.00 3.00 4.00 ERROR
r-oldrel-osx-x86_64 0.0.1 ERROR

Check Details

Version: 0.0.1
Flags: --no-examples --no-tests --no-vignettes
Check: whether package can be installed
Result: WARN
    Found the following significant warnings:
     Blasso.cpp:451:51: warning: assigning field to itself [-Wself-assign-field]
     LogitWrapper.cpp:417:3: warning: ignoring return value of function declared with 'warn_unused_result' attribute [-Wunused-result]
Flavor: r-devel-linux-x86_64-debian-clang

Version: 0.0.1
Flags: --no-examples --no-tests --no-vignettes
Check: whether package can be installed
Result: WARN
    Found the following significant warnings:
     Blasso.cpp:451:53: warning: ‘*<unknown>.Blasso::icept’ is used uninitialized in this function [-Wuninitialized]
     LogitWrapper.cpp:417:8: warning: ignoring return value of ‘size_t fread(void*, size_t, size_t, FILE*)’, declared with attribute warn_unused_result [-Wunused-result]
Flavor: r-devel-linux-x86_64-debian-gcc

Version: 0.0.1
Check: whether package can be installed
Result: ERROR
    Installation failed.
Flavors: r-devel-windows-ix86+x86_64, r-release-osx-x86_64, r-oldrel-windows-ix86+x86_64, r-oldrel-osx-x86_64

Version: 0.0.1
Flags: --no-examples --no-tests --no-vignettes
Check: whether package can be installed
Result: WARN
    Found the following significant warnings:
     Blasso.cpp:451:53: warning: ‘*<unknown>.Blasso::icept’ is used uninitialized in this function [-Wuninitialized]
Flavors: r-patched-linux-x86_64, r-release-linux-x86_64