CRAN Package Check Results for Package bayesDP

Last updated on 2019-07-16 00:47:59 CEST.

Flavor Version Tinstall Tcheck Ttotal Status Flags
r-devel-linux-x86_64-debian-clang 1.3.2 43.98 114.82 158.80 OK
r-devel-linux-x86_64-debian-gcc 1.3.2 38.70 89.69 128.39 OK
r-devel-linux-x86_64-fedora-clang 1.3.2 205.25 NOTE
r-devel-linux-x86_64-fedora-gcc 1.3.2 200.04 NOTE
r-devel-windows-ix86+x86_64 1.3.2 126.00 208.00 334.00 OK
r-patched-linux-x86_64 1.3.2 41.99 111.89 153.88 OK
r-patched-solaris-x86 1.3.2 259.70 NOTE
r-release-linux-x86_64 1.3.2 47.63 110.85 158.48 OK
r-release-windows-ix86+x86_64 1.3.2 95.00 206.00 301.00 OK
r-release-osx-x86_64 1.3.2 NOTE
r-oldrel-windows-ix86+x86_64 1.3.2 117.00 145.00 262.00 OK
r-oldrel-osx-x86_64 1.3.2 NOTE

Check Details

Version: 1.3.2
Check: dependencies in R code
Result: NOTE
    Namespace in Imports field not imported from: ‘Rcpp’
     All declared Imports should be used.
Flavors: r-devel-linux-x86_64-fedora-clang, r-devel-linux-x86_64-fedora-gcc, r-patched-solaris-x86, r-release-osx-x86_64, r-oldrel-osx-x86_64