CRAN Package Check Results for Package bayesGARCH

Last updated on 2019-01-19 00:46:17 CET.

Flavor Version Tinstall Tcheck Ttotal Status Flags
r-devel-linux-x86_64-debian-clang 2.1.3 2.26 26.45 28.71 OK
r-devel-linux-x86_64-debian-gcc 2.1.3 1.70 22.31 24.01 OK
r-devel-linux-x86_64-fedora-clang 2.1.3 30.22 NOTE
r-devel-linux-x86_64-fedora-gcc 2.1.3 35.05 NOTE
r-devel-windows-ix86+x86_64 2.1.3 7.00 77.00 84.00 OK
r-patched-linux-x86_64 2.1.3 2.16 23.94 26.10 OK
r-patched-solaris-x86 2.1.3 53.40 OK
r-release-linux-x86_64 2.1.3 2.01 22.54 24.55 OK
r-release-windows-ix86+x86_64 2.1.3 7.00 69.00 76.00 OK
r-release-osx-x86_64 2.1.3 OK
r-oldrel-windows-ix86+x86_64 2.1.3 10.00 50.00 60.00 OK
r-oldrel-osx-x86_64 2.1.3 OK

Check Details

Version: 2.1.3
Check: compiled code
Result: NOTE
    File ‘bayesGARCH/libs/bayesGARCH.so’:
     Found no calls to: ‘R_registerRoutines’, ‘R_useDynamicSymbols’
    
    It is good practice to register native routines and to disable symbol
    search.
    
    See ‘Writing portable packages’ in the ‘Writing R Extensions’ manual.
Flavors: r-devel-linux-x86_64-fedora-clang, r-devel-linux-x86_64-fedora-gcc