CRAN Package Check Results for Package bayesGARCH

Last updated on 2018-10-18 00:47:58 CEST.

Flavor Version Tinstall Tcheck Ttotal Status Flags
r-devel-linux-x86_64-debian-clang 2.1.3 1.92 27.22 29.14 OK
r-devel-linux-x86_64-debian-gcc 2.1.3 1.56 22.80 24.36 OK
r-devel-linux-x86_64-fedora-clang 2.1.3 29.91 NOTE
r-devel-linux-x86_64-fedora-gcc 2.1.3 29.32 NOTE
r-devel-windows-ix86+x86_64 2.1.3 8.00 72.00 80.00 OK
r-patched-linux-x86_64 2.1.3 1.90 23.54 25.44 OK
r-patched-solaris-x86 2.1.3 50.70 OK
r-release-linux-x86_64 2.1.3 2.09 25.13 27.22 OK
r-release-windows-ix86+x86_64 2.1.3 6.00 70.00 76.00 OK
r-release-osx-x86_64 2.1.3 OK
r-oldrel-windows-ix86+x86_64 2.1.3 10.00 53.00 63.00 OK
r-oldrel-osx-x86_64 2.1.3 OK

Check Details

Version: 2.1.3
Check: compiled code
Result: NOTE
    File ‘bayesGARCH/libs/bayesGARCH.so’:
     Found no calls to: ‘R_registerRoutines’, ‘R_useDynamicSymbols’
    
    It is good practice to register native routines and to disable symbol
    search.
    
    See ‘Writing portable packages’ in the ‘Writing R Extensions’ manual.
Flavors: r-devel-linux-x86_64-fedora-clang, r-devel-linux-x86_64-fedora-gcc