CRAN Package Check Results for Package bayesGARCH

Last updated on 2018-04-21 00:48:01 CEST.

Flavor Version Tinstall Tcheck Ttotal Status Flags
r-devel-linux-x86_64-debian-clang 2.1.3 1.66 26.29 27.95 NOTE
r-devel-linux-x86_64-debian-gcc 2.1.3 1.36 20.85 22.21 NOTE
r-devel-linux-x86_64-fedora-clang 2.1.3 33.11 NOTE
r-devel-linux-x86_64-fedora-gcc 2.1.3 31.03 NOTE
r-devel-windows-ix86+x86_64 2.1.3 9.00 66.00 75.00 OK
r-devel-osx-x86_64 2.1.3 OK
r-patched-linux-x86_64 2.1.3 1.93 25.71 27.64 NOTE
r-patched-solaris-x86 2.1.3 51.60 OK
r-release-linux-x86_64 2.1.3 1.55 27.98 29.53 NOTE
r-release-windows-ix86+x86_64 2.1.3 9.00 73.00 82.00 OK
r-release-osx-x86_64 2.1.3 OK
r-oldrel-windows-ix86+x86_64 2.1.3 11.00 47.00 58.00 OK

Check Details

Version: 2.1.3
Check: compiled code
Result: NOTE
    File ‘bayesGARCH/libs/bayesGARCH.so’:
     Found no calls to: ‘R_registerRoutines’, ‘R_useDynamicSymbols’
    
    It is good practice to register native routines and to disable symbol
    search.
    
    See ‘Writing portable packages’ in the ‘Writing R Extensions’ manual.
Flavors: r-devel-linux-x86_64-debian-clang, r-devel-linux-x86_64-debian-gcc, r-devel-linux-x86_64-fedora-clang, r-devel-linux-x86_64-fedora-gcc, r-patched-linux-x86_64, r-release-linux-x86_64