CRAN Package Check Results for Package bayesGARCH

Last updated on 2018-07-17 00:52:29 CEST.

Flavor Version Tinstall Tcheck Ttotal Status Flags
r-devel-linux-x86_64-debian-clang 2.1.3 2.15 26.11 28.26 NOTE
r-devel-linux-x86_64-debian-gcc 2.1.3 1.65 21.88 23.53 NOTE
r-devel-linux-x86_64-fedora-clang 2.1.3 34.01 NOTE
r-devel-linux-x86_64-fedora-gcc 2.1.3 33.12 NOTE
r-devel-windows-ix86+x86_64 2.1.3 9.00 74.00 83.00 OK
r-patched-linux-x86_64 2.1.3 1.97 26.81 28.78 NOTE
r-patched-solaris-x86 2.1.3 51.50 OK
r-release-linux-x86_64 2.1.3 2.03 26.61 28.64 NOTE
r-release-windows-ix86+x86_64 2.1.3 9.00 68.00 77.00 OK
r-release-osx-x86_64 2.1.3 OK
r-oldrel-windows-ix86+x86_64 2.1.3 5.00 107.00 112.00 OK
r-oldrel-osx-x86_64 2.1.3 OK

Check Details

Version: 2.1.3
Check: compiled code
Result: NOTE
    File ‘bayesGARCH/libs/bayesGARCH.so’:
     Found no calls to: ‘R_registerRoutines’, ‘R_useDynamicSymbols’
    
    It is good practice to register native routines and to disable symbol
    search.
    
    See ‘Writing portable packages’ in the ‘Writing R Extensions’ manual.
Flavors: r-devel-linux-x86_64-debian-clang, r-devel-linux-x86_64-debian-gcc, r-devel-linux-x86_64-fedora-clang, r-devel-linux-x86_64-fedora-gcc, r-patched-linux-x86_64, r-release-linux-x86_64