CRAN Package Check Results for Package bayesGARCH

Last updated on 2018-01-24 00:46:47 CET.

Flavor Version Tinstall Tcheck Ttotal Status Flags
r-devel-linux-x86_64-debian-clang 2.1.3 1.25 30.12 31.37 NOTE
r-devel-linux-x86_64-debian-gcc 2.1.3 1.19 23.26 24.45 NOTE
r-devel-linux-x86_64-fedora-clang 2.1.3 34.41 NOTE
r-devel-linux-x86_64-fedora-gcc 2.1.3 33.37 NOTE
r-devel-windows-ix86+x86_64 2.1.3 10.00 55.00 65.00 OK
r-patched-linux-x86_64 2.1.3 1.58 27.80 29.38 NOTE
r-patched-solaris-x86 2.1.3 49.70 OK
r-release-linux-x86_64 2.1.3 1.47 28.00 29.47 NOTE
r-release-windows-ix86+x86_64 2.1.3 7.00 77.00 84.00 OK
r-release-osx-x86_64 2.1.3 OK
r-oldrel-windows-ix86+x86_64 2.1.3 7.00 75.00 82.00 OK
r-oldrel-osx-x86_64 2.1.3 OK

Check Details

Version: 2.1.3
Check: compiled code
Result: NOTE
    File ‘bayesGARCH/libs/bayesGARCH.so’:
     Found no calls to: ‘R_registerRoutines’, ‘R_useDynamicSymbols’
    
    It is good practice to register native routines and to disable symbol
    search.
    
    See ‘Writing portable packages’ in the ‘Writing R Extensions’ manual.
Flavors: r-devel-linux-x86_64-debian-clang, r-devel-linux-x86_64-debian-gcc, r-devel-linux-x86_64-fedora-clang, r-devel-linux-x86_64-fedora-gcc, r-patched-linux-x86_64, r-release-linux-x86_64