CRAN Package Check Results for Package bayesQR

Last updated on 2020-02-23 00:48:39 CET.

Flavor Version Tinstall Tcheck Ttotal Status Flags
r-devel-linux-x86_64-debian-clang 2.3 4.60 29.81 34.41 OK
r-devel-linux-x86_64-debian-gcc 2.3 3.68 22.86 26.54 OK
r-devel-linux-x86_64-fedora-clang 2.3 42.87 NOTE
r-devel-linux-x86_64-fedora-gcc 2.3 42.51 NOTE
r-devel-windows-ix86+x86_64 2.3 14.00 93.00 107.00 OK
r-devel-windows-ix86+x86_64-gcc8 2.3 21.00 74.00 95.00 OK
r-patched-linux-x86_64 2.3 OK
r-patched-solaris-x86 2.3 71.50 OK
r-release-linux-x86_64 2.3 3.57 27.09 30.66 OK
r-release-windows-ix86+x86_64 2.3 13.00 109.00 122.00 OK
r-release-osx-x86_64 2.3 OK
r-oldrel-windows-ix86+x86_64 2.3 12.00 90.00 102.00 OK
r-oldrel-osx-x86_64 2.3 OK

Check Details

Version: 2.3
Check: compiled code
Result: NOTE
    File ‘bayesQR/libs/bayesQR.so’:
     Found no calls to: ‘R_registerRoutines’, ‘R_useDynamicSymbols’
    
    It is good practice to register native routines and to disable symbol
    search.
    
    See ‘Writing portable packages’ in the ‘Writing R Extensions’ manual.
Flavors: r-devel-linux-x86_64-fedora-clang, r-devel-linux-x86_64-fedora-gcc