CRAN Package Check Results for Package bayesQR

Last updated on 2019-09-20 00:47:29 CEST.

Flavor Version Tinstall Tcheck Ttotal Status Flags
r-devel-linux-x86_64-debian-clang 2.3 3.64 27.68 31.32 OK
r-devel-linux-x86_64-debian-gcc 2.3 3.33 21.51 24.84 OK
r-devel-linux-x86_64-fedora-clang 2.3 40.42 NOTE
r-devel-linux-x86_64-fedora-gcc 2.3 39.83 NOTE
r-devel-windows-ix86+x86_64 2.3 24.00 113.00 137.00 OK
r-patched-linux-x86_64 2.3 3.98 27.15 31.13 OK
r-patched-solaris-x86 2.3 79.50 OK
r-release-linux-x86_64 2.3 3.57 27.72 31.29 OK
r-release-windows-ix86+x86_64 2.3 13.00 109.00 122.00 OK
r-release-osx-x86_64 2.3 OK
r-oldrel-windows-ix86+x86_64 2.3 12.00 90.00 102.00 OK
r-oldrel-osx-x86_64 2.3 OK

Check Details

Version: 2.3
Check: compiled code
Result: NOTE
    File ‘bayesQR/libs/bayesQR.so’:
     Found no calls to: ‘R_registerRoutines’, ‘R_useDynamicSymbols’
    
    It is good practice to register native routines and to disable symbol
    search.
    
    See ‘Writing portable packages’ in the ‘Writing R Extensions’ manual.
Flavors: r-devel-linux-x86_64-fedora-clang, r-devel-linux-x86_64-fedora-gcc