CRAN Package Check Results for Package bayesianETAS

Last updated on 2019-09-17 00:49:09 CEST.

Flavor Version Tinstall Tcheck Ttotal Status Flags
r-devel-linux-x86_64-debian-clang 1.0.3 4.73 17.27 22.00 OK
r-devel-linux-x86_64-debian-gcc 1.0.3 OK
r-devel-linux-x86_64-fedora-clang 1.0.3 30.30 NOTE
r-devel-linux-x86_64-fedora-gcc 1.0.3 28.06 NOTE
r-devel-windows-ix86+x86_64 1.0.3 22.00 55.00 77.00 OK
r-patched-linux-x86_64 1.0.3 3.67 17.95 21.62 OK
r-patched-solaris-x86 1.0.3 51.20 OK
r-release-linux-x86_64 1.0.3 3.89 18.34 22.23 OK
r-release-windows-ix86+x86_64 1.0.3 12.00 53.00 65.00 OK
r-release-osx-x86_64 1.0.3 OK
r-oldrel-windows-ix86+x86_64 1.0.3 11.00 41.00 52.00 OK
r-oldrel-osx-x86_64 1.0.3 OK

Check Details

Version: 1.0.3
Check: compiled code
Result: NOTE
    File ‘bayesianETAS/libs/bayesianETAS.so’:
     Found no calls to: ‘R_registerRoutines’, ‘R_useDynamicSymbols’
    
    It is good practice to register native routines and to disable symbol
    search.
    
    See ‘Writing portable packages’ in the ‘Writing R Extensions’ manual.
Flavors: r-devel-linux-x86_64-fedora-clang, r-devel-linux-x86_64-fedora-gcc