CRAN Package Check Results for Package bayesm

Last updated on 2019-06-26 00:47:10 CEST.

Flavor Version Tinstall Tcheck Ttotal Status Flags
r-devel-linux-x86_64-debian-clang 3.1-1 510.41 408.21 918.62 NOTE
r-devel-linux-x86_64-debian-gcc 3.1-1 400.90 294.03 694.93 NOTE
r-devel-linux-x86_64-fedora-clang 3.1-1 1327.78 NOTE
r-devel-linux-x86_64-fedora-gcc 3.1-1 1208.95 NOTE
r-devel-windows-ix86+x86_64 3.1-1 1227.00 483.00 1710.00 NOTE
r-patched-linux-x86_64 3.1-1 482.52 394.04 876.56 NOTE
r-patched-solaris-x86 3.1-1 1460.70 NOTE
r-release-linux-x86_64 3.1-1 481.58 400.10 881.68 NOTE
r-release-windows-ix86+x86_64 3.1-1 936.00 546.00 1482.00 NOTE
r-release-osx-x86_64 3.1-1 FAIL
r-oldrel-windows-ix86+x86_64 3.1-1 872.00 435.00 1307.00 NOTE
r-oldrel-osx-x86_64 3.1-1 NOTE

Check Details

Version: 3.1-1
Check: line endings in C/C++/Fortran sources/headers
Result: NOTE
    Found the following sources/headers with CR or CRLF line endings:
     inst/include/bayesm.h
    Some Unix compilers require LF line endings.
Flavors: r-devel-linux-x86_64-debian-clang, r-devel-linux-x86_64-debian-gcc, r-devel-linux-x86_64-fedora-clang, r-devel-linux-x86_64-fedora-gcc, r-devel-windows-ix86+x86_64, r-patched-linux-x86_64, r-patched-solaris-x86, r-release-linux-x86_64, r-release-windows-ix86+x86_64, r-release-osx-x86_64

Version: 3.1-1
Check: installed package size
Result: NOTE
     installed size is 29.1Mb
     sub-directories of 1Mb or more:
     doc 3.2Mb
     libs 24.3Mb
Flavors: r-devel-linux-x86_64-fedora-clang, r-devel-windows-ix86+x86_64, r-patched-solaris-x86, r-release-windows-ix86+x86_64, r-release-osx-x86_64, r-oldrel-windows-ix86+x86_64, r-oldrel-osx-x86_64

Version: 3.1-1
Check: re-building of vignette outputs
Result: FAIL
    
Flavor: r-release-osx-x86_64