CRAN Package Check Results for Package bayesplot

Last updated on 2019-10-23 00:47:46 CEST.

Flavor Version Tinstall Tcheck Ttotal Status Flags
r-devel-linux-x86_64-debian-clang 1.7.0 11.53 278.11 289.64 OK
r-devel-linux-x86_64-debian-gcc 1.7.0 9.58 211.22 220.80 OK
r-devel-linux-x86_64-fedora-clang 1.7.0 335.09 NOTE
r-devel-linux-x86_64-fedora-gcc 1.7.0 327.07 OK
r-devel-windows-ix86+x86_64 1.7.0 18.00 284.00 302.00 NOTE
r-patched-linux-x86_64 1.7.0 10.99 275.82 286.81 OK
r-patched-solaris-x86 1.7.0 340.00 NOTE
r-release-linux-x86_64 1.7.0 11.62 273.63 285.25 OK
r-release-windows-ix86+x86_64 1.7.0 27.00 267.00 294.00 NOTE
r-release-osx-x86_64 1.7.0 NOTE
r-oldrel-windows-ix86+x86_64 1.7.0 18.00 280.00 298.00 NOTE
r-oldrel-osx-x86_64 1.7.0 NOTE

Check Details

Version: 1.7.0
Check: installed package size
Result: NOTE
     installed size is 6.6Mb
     sub-directories of 1Mb or more:
     R 1.8Mb
     doc 4.1Mb
Flavors: r-devel-linux-x86_64-fedora-clang, r-devel-windows-ix86+x86_64, r-patched-solaris-x86, r-release-windows-ix86+x86_64, r-release-osx-x86_64, r-oldrel-windows-ix86+x86_64, r-oldrel-osx-x86_64