CRAN Package Check Results for Package baytrends

Last updated on 2019-10-22 00:52:17 CEST.

Flavor Version Tinstall Tcheck Ttotal Status Flags
r-devel-linux-x86_64-debian-clang 1.1.0 29.26 174.27 203.53 NOTE
r-devel-linux-x86_64-debian-gcc 1.1.0 24.16 135.65 159.81 NOTE
r-devel-linux-x86_64-fedora-clang 1.1.0 243.00 NOTE
r-devel-linux-x86_64-fedora-gcc 1.1.0 250.85 NOTE
r-devel-windows-ix86+x86_64 1.1.0 45.00 204.00 249.00 OK
r-patched-linux-x86_64 1.1.0 27.00 171.86 198.86 OK
r-patched-solaris-x86 1.1.0 344.10 OK
r-release-linux-x86_64 1.1.0 26.66 171.81 198.47 OK
r-release-windows-ix86+x86_64 1.1.0 64.00 190.00 254.00 OK
r-release-osx-x86_64 1.1.0 OK
r-oldrel-windows-ix86+x86_64 1.1.0 30.00 175.00 205.00 OK
r-oldrel-osx-x86_64 1.1.0 OK

Check Details

Version: 1.1.0
Check: for non-standard things in the check directory
Result: NOTE
    Found the following files/directories:
     '_saveDF' 'dataCensored.test.rda' 'dataCensored_TEST.csv'
Flavors: r-devel-linux-x86_64-debian-clang, r-devel-linux-x86_64-debian-gcc, r-devel-linux-x86_64-fedora-clang, r-devel-linux-x86_64-fedora-gcc