CRAN Package Check Results for Package bbemkr

Last updated on 2019-06-25 00:52:07 CEST.

Flavor Version Tinstall Tcheck Ttotal Status Flags
r-devel-linux-x86_64-debian-clang 2.0 3.50 36.29 39.79 NOTE
r-devel-linux-x86_64-debian-gcc 2.0 3.48 29.39 32.87 NOTE
r-devel-linux-x86_64-fedora-clang 2.0 50.23 NOTE
r-devel-linux-x86_64-fedora-gcc 2.0 49.34 NOTE
r-devel-windows-ix86+x86_64 2.0 11.00 59.00 70.00 NOTE
r-patched-linux-x86_64 2.0 3.81 36.78 40.59 NOTE
r-patched-solaris-x86 2.0 70.40 NOTE
r-release-linux-x86_64 2.0 3.15 36.66 39.81 NOTE
r-release-windows-ix86+x86_64 2.0 7.00 74.00 81.00 NOTE
r-release-osx-x86_64 2.0 NOTE
r-oldrel-windows-ix86+x86_64 2.0 5.00 54.00 59.00 NOTE
r-oldrel-osx-x86_64 2.0 NOTE

Check Details

Version: 2.0
Check: DESCRIPTION meta-information
Result: NOTE
    Malformed Description field: should contain one or more complete sentences.
Flavors: r-devel-linux-x86_64-debian-clang, r-devel-linux-x86_64-debian-gcc, r-devel-linux-x86_64-fedora-clang, r-devel-linux-x86_64-fedora-gcc, r-devel-windows-ix86+x86_64, r-patched-linux-x86_64, r-patched-solaris-x86, r-release-linux-x86_64, r-release-windows-ix86+x86_64, r-release-osx-x86_64, r-oldrel-windows-ix86+x86_64, r-oldrel-osx-x86_64

Version: 2.0
Check: R code for possible problems
Result: NOTE
    LaplaceMetropolis_admkr: no visible binding for global variable
     'median'
    LaplaceMetropolis_admkr: no visible global function definition for
     'mad'
    LaplaceMetropolis_gaussian: no visible binding for global variable
     'median'
    LaplaceMetropolis_gaussian: no visible global function definition for
     'mad'
    cost_admkr: no visible global function definition for 'sd'
    cov_chol: no visible global function definition for 'qchisq'
    cov_chol_admkr: no visible global function definition for 'qchisq'
    gibbs_admkr_erro: no visible global function definition for 'rnorm'
    gibbs_admkr_erro: no visible global function definition for 'runif'
    gibbs_admkr_nw: no visible global function definition for 'qnorm'
    gibbs_admkr_nw: no visible global function definition for 'rnorm'
    gibbs_admkr_nw: no visible global function definition for 'runif'
    loglikelihood_admkr: no visible global function definition for 'sd'
    margin_like_admkr: no visible global function definition for 'sd'
    np_gibbs: no visible global function definition for 'qnorm'
    np_gibbs: no visible global function definition for 'rnorm'
    np_gibbs: no visible global function definition for 'runif'
    np_gibbs: no visible global function definition for 'rgamma'
    Undefined global functions or variables:
     mad median qchisq qnorm rgamma rnorm runif sd
    Consider adding
     importFrom("stats", "mad", "median", "qchisq", "qnorm", "rgamma",
     "rnorm", "runif", "sd")
    to your NAMESPACE file.
Flavors: r-devel-linux-x86_64-debian-clang, r-devel-linux-x86_64-debian-gcc, r-devel-linux-x86_64-fedora-clang, r-devel-linux-x86_64-fedora-gcc, r-devel-windows-ix86+x86_64, r-patched-linux-x86_64, r-patched-solaris-x86, r-release-linux-x86_64, r-release-windows-ix86+x86_64, r-release-osx-x86_64, r-oldrel-windows-ix86+x86_64, r-oldrel-osx-x86_64