CRAN Package Check Results for Package betalink

Last updated on 2019-08-20 00:50:41 CEST.

Flavor Version Tinstall Tcheck Ttotal Status Flags
r-devel-linux-x86_64-debian-clang 2.2.1 2.73 20.13 22.86 NOTE
r-devel-linux-x86_64-debian-gcc 2.2.1 2.13 16.15 18.28 NOTE
r-devel-linux-x86_64-fedora-clang 2.2.1 28.55 NOTE
r-devel-linux-x86_64-fedora-gcc 2.2.1 27.55 NOTE
r-devel-windows-ix86+x86_64 2.2.1 9.00 50.00 59.00 NOTE
r-patched-linux-x86_64 2.2.1 1.96 19.70 21.66 NOTE
r-patched-solaris-x86 2.2.1 46.20 NOTE
r-release-linux-x86_64 2.2.1 2.32 19.94 22.26 NOTE
r-release-windows-ix86+x86_64 2.2.1 5.00 34.00 39.00 NOTE
r-release-osx-x86_64 2.2.1 NOTE
r-oldrel-windows-ix86+x86_64 2.2.1 5.00 48.00 53.00 NOTE
r-oldrel-osx-x86_64 2.2.1 NOTE

Check Details

Version: 2.2.1
Check: DESCRIPTION meta-information
Result: NOTE
    Checking should be performed on sources prepared by 'R CMD build'.
Flavors: r-devel-linux-x86_64-debian-clang, r-devel-linux-x86_64-debian-gcc, r-devel-linux-x86_64-fedora-clang, r-devel-linux-x86_64-fedora-gcc, r-devel-windows-ix86+x86_64, r-patched-linux-x86_64, r-patched-solaris-x86, r-release-linux-x86_64, r-release-windows-ix86+x86_64, r-release-osx-x86_64, r-oldrel-windows-ix86+x86_64, r-oldrel-osx-x86_64