CRAN Package Check Results for Package betalink

Last updated on 2019-12-16 00:48:49 CET.

Flavor Version Tinstall Tcheck Ttotal Status Flags
r-devel-linux-x86_64-debian-clang 2.2.1 2.64 21.24 23.88 NOTE
r-devel-linux-x86_64-debian-gcc 2.2.1 2.15 16.84 18.99 NOTE
r-devel-linux-x86_64-fedora-clang 2.2.1 30.25 NOTE
r-devel-linux-x86_64-fedora-gcc 2.2.1 29.45 NOTE
r-devel-windows-ix86+x86_64 2.2.1 6.00 47.00 53.00 NOTE
r-devel-windows-ix86+x86_64-gcc8 2.2.1 6.00 45.00 51.00 NOTE
r-patched-linux-x86_64 2.2.1 2.10 19.44 21.54 NOTE
r-patched-solaris-x86 2.2.1 42.50 NOTE
r-release-linux-x86_64 2.2.1 2.03 19.39 21.42 NOTE
r-release-windows-ix86+x86_64 2.2.1 5.00 30.00 35.00 NOTE
r-release-osx-x86_64 2.2.1 NOTE
r-oldrel-windows-ix86+x86_64 2.2.1 3.00 33.00 36.00 NOTE
r-oldrel-osx-x86_64 2.2.1 NOTE

Check Details

Version: 2.2.1
Check: DESCRIPTION meta-information
Result: NOTE
    Checking should be performed on sources prepared by 'R CMD build'.
Flavors: r-devel-linux-x86_64-debian-clang, r-devel-linux-x86_64-debian-gcc, r-devel-linux-x86_64-fedora-clang, r-devel-linux-x86_64-fedora-gcc, r-devel-windows-ix86+x86_64, r-devel-windows-ix86+x86_64-gcc8, r-patched-linux-x86_64, r-patched-solaris-x86, r-release-linux-x86_64, r-release-windows-ix86+x86_64, r-release-osx-x86_64, r-oldrel-windows-ix86+x86_64, r-oldrel-osx-x86_64