CRAN Package Check Results for Package betareg

Last updated on 2019-12-16 00:48:49 CET.

Flavor Version Tinstall Tcheck Ttotal Status Flags
r-devel-linux-x86_64-debian-clang 3.1-2 13.04 170.36 183.40 NOTE
r-devel-linux-x86_64-debian-gcc 3.1-2 11.22 128.05 139.27 NOTE
r-devel-linux-x86_64-fedora-clang 3.1-2 220.32 NOTE
r-devel-linux-x86_64-fedora-gcc 3.1-2 225.48 NOTE
r-devel-windows-ix86+x86_64 3.1-2 22.00 245.00 267.00 NOTE
r-devel-windows-ix86+x86_64-gcc8 3.1-2 19.00 252.00 271.00 NOTE
r-patched-linux-x86_64 3.1-2 12.36 151.77 164.13 NOTE
r-patched-solaris-x86 3.1-2 256.70 NOTE
r-release-linux-x86_64 3.1-2 9.75 153.43 163.18 NOTE
r-release-windows-ix86+x86_64 3.1-2 16.00 165.00 181.00 NOTE
r-release-osx-x86_64 3.1-2 OK
r-oldrel-windows-ix86+x86_64 3.1-2 13.00 152.00 165.00 OK
r-oldrel-osx-x86_64 3.1-2 OK

Check Details

Version: 3.1-2
Check: running R code from vignettes
Result: NOTE
     'betareg-ext.Rnw'... [15s/17s] NOTE
    differences from 'betareg-ext.Rout.save'
    176c176
    < | 0.38093218 -0.08622808 4.80766206
    ---
    > | 0.38093218 -0.08622808 4.80766205
     'betareg.Rnw'... [6s/7s] OK
Flavor: r-devel-linux-x86_64-debian-clang

Version: 3.1-2
Check: running R code from vignettes
Result: NOTE
     ‘betareg-ext.Rnw’... [11s/15s] NOTE
    differences from ‘betareg-ext.Rout.save’
    176c176
    < | 0.38093218 -0.08622808 4.80766206
    ---
    > | 0.38093218 -0.08622808 4.80766205
     ‘betareg.Rnw’... [4s/7s] OK
Flavor: r-devel-linux-x86_64-debian-gcc

Version: 3.1-2
Check: running R code from vignettes
Result: NOTE
     ‘betareg-ext.Rnw’... [17s/20s] NOTE
    differences from ‘betareg-ext.Rout.save’
    176c176
    < | 0.38093218 -0.08622808 4.80766206
    ---
    > | 0.38093218 -0.08622808 4.80766205
     ‘betareg.Rnw’... OK
Flavor: r-devel-linux-x86_64-fedora-clang

Version: 3.1-2
Check: running R code from vignettes
Result: NOTE
     ‘betareg-ext.Rnw’... [18s/19s] NOTE
    differences from ‘betareg-ext.Rout.save’
    176c176
    < | 0.38093218 -0.08622808 4.80766206
    ---
    > | 0.38093218 -0.08622808 4.80766205
     ‘betareg.Rnw’... OK
Flavor: r-devel-linux-x86_64-fedora-gcc

Version: 3.1-2
Check: running R code from vignettes
Result: NOTE
     'betareg-ext.Rnw'... [18s] NOTE
    differences from 'betareg-ext.Rout.save'
    176c176
    < | 0.38093218 -0.08622808 4.80766206
    ---
    > | 0.38093218 -0.08622808 4.80766205
     'betareg.Rnw'... [8s] OK
Flavors: r-devel-windows-ix86+x86_64, r-devel-windows-ix86+x86_64-gcc8

Version: 3.1-2
Check: running R code from vignettes
Result: NOTE
     ‘betareg-ext.Rnw’... [13s/14s] NOTE
    differences from ‘betareg-ext.Rout.save’
    176c176
    < | 0.38093218 -0.08622808 4.80766206
    ---
    > | 0.38093218 -0.08622808 4.80766205
     ‘betareg.Rnw’... [5s/6s] OK
Flavors: r-patched-linux-x86_64, r-release-linux-x86_64

Version: 3.1-2
Check: running R code from vignettes
Result: NOTE
     ‘betareg-ext.Rnw’... [19s/23s] NOTE
    differences from ‘betareg-ext.Rout.save’
    176c176
    < | 0.38093218 -0.08622808 4.80766206
    ---
    > | 0.38093218 -0.08622808 4.80766205
     ‘betareg.Rnw’... OK
Flavor: r-patched-solaris-x86

Version: 3.1-2
Check: running R code from vignettes
Result: NOTE
     'betareg-ext.Rnw'... [12s] NOTE
    differences from 'betareg-ext.Rout.save'
    176c176
    < | 0.38093218 -0.08622808 4.80766206
    ---
    > | 0.38093218 -0.08622808 4.80766205
     'betareg.Rnw'... [6s] OK
Flavor: r-release-windows-ix86+x86_64