CRAN Package Check Results for Package bfa

Last updated on 2019-07-16 00:47:59 CEST.

Flavor Version Tinstall Tcheck Ttotal Status Flags
r-devel-linux-x86_64-debian-clang 0.4 99.64 29.08 128.72 OK
r-devel-linux-x86_64-debian-gcc 0.4 82.56 23.88 106.44 OK
r-devel-linux-x86_64-fedora-clang 0.4 189.84 NOTE
r-devel-linux-x86_64-fedora-gcc 0.4 191.65 NOTE
r-devel-windows-ix86+x86_64 0.4 247.00 61.00 308.00 OK
r-patched-linux-x86_64 0.4 94.62 29.52 124.14 OK
r-patched-solaris-x86 0.4 189.00 OK
r-release-linux-x86_64 0.4 94.62 29.35 123.97 OK
r-release-windows-ix86+x86_64 0.4 184.00 80.00 264.00 OK
r-release-osx-x86_64 0.4 OK
r-oldrel-windows-ix86+x86_64 0.4 241.00 75.00 316.00 OK
r-oldrel-osx-x86_64 0.4 OK

Check Details

Version: 0.4
Check: compiled code
Result: NOTE
    File ‘bfa/libs/bfa.so’:
     Found no calls to: ‘R_registerRoutines’, ‘R_useDynamicSymbols’
    
    It is good practice to register native routines and to disable symbol
    search.
    
    See ‘Writing portable packages’ in the ‘Writing R Extensions’ manual.
Flavors: r-devel-linux-x86_64-fedora-clang, r-devel-linux-x86_64-fedora-gcc