CRAN Package Check Results for Package bigstatsr

Last updated on 2019-01-19 00:46:17 CET.

Flavor Version Tinstall Tcheck Ttotal Status Flags
r-devel-linux-x86_64-debian-clang 0.6.2 158.56 251.58 410.14 OK
r-devel-linux-x86_64-debian-gcc 0.6.2 133.30 195.31 328.61 OK
r-devel-linux-x86_64-fedora-clang 0.6.2 546.37 NOTE
r-devel-linux-x86_64-fedora-gcc 0.6.2 518.44 OK
r-devel-windows-ix86+x86_64 0.6.2 469.00 678.00 1147.00 WARN
r-patched-linux-x86_64 0.6.2 180.98 251.38 432.36 OK
r-patched-solaris-x86 0.6.2 706.20 OK
r-release-linux-x86_64 0.6.2 177.34 246.64 423.98 OK
r-release-windows-ix86+x86_64 0.6.2 466.00 661.00 1127.00 NOTE
r-release-osx-x86_64 0.6.2 NOTE
r-oldrel-windows-ix86+x86_64 0.6.2 492.00 652.00 1144.00 NOTE
r-oldrel-osx-x86_64 0.6.2 NOTE

Additional issues

clang-UBSAN

Check Details

Version: 0.6.2
Check: installed package size
Result: NOTE
     installed size is 10.4Mb
     sub-directories of 1Mb or more:
     extdata 2.3Mb
     libs 7.6Mb
Flavors: r-devel-linux-x86_64-fedora-clang, r-devel-windows-ix86+x86_64, r-release-windows-ix86+x86_64, r-release-osx-x86_64, r-oldrel-windows-ix86+x86_64, r-oldrel-osx-x86_64

Version: 0.6.2
Check: whether package can be installed
Result: WARN
    Found the following significant warnings:
     d:/RCompile/CRANpkg/lib/3.6/BH/include/boost/interprocess/detail/win32_api.hpp:151:9: warning: ISO C++ prohibits anonymous structs [-Wpedantic]
     d:/RCompile/CRANpkg/lib/3.6/BH/include/boost/interprocess/detail/win32_api.hpp:159:9: warning: ISO C++ prohibits anonymous structs [-Wpedantic]
     d:/RCompile/CRANpkg/lib/3.6/BH/include/boost/interprocess/detail/win32_api.hpp:184:13: warning: ISO C++ prohibits anonymous structs [-Wpedantic]
     d:/RCompile/CRANpkg/lib/3.6/BH/include/boost/interprocess/detail/win32_api.hpp:186:7: warning: ISO C++ prohibits anonymous structs [-Wpedantic]
     d:/RCompile/CRANpkg/lib/3.6/BH/include/boost/winapi/basic_types.hpp:212:44: warning: ISO C++ 1998 does not support 'long long' [-Wlong-long]
     d:/RCompile/CRANpkg/lib/3.6/BH/include/boost/winapi/basic_types.hpp:213:53: warning: ISO C++ 1998 does not support 'long long' [-Wlong-long]
     Warning: S3 methods '[.fun_list', '[.grouped_df', 'all.equal.tbl_df', 'anti_join.data.frame', 'anti_join.tbl_df', 'arrange.data.frame', 'arrange.default', 'arrange.grouped_df', 'arrange.tbl_df', 'arrange_.data.frame', 'arrange_.tbl_df', 'as.data.frame.grouped_df', 'as.data.frame.rowwise_df', 'as.data.frame.tbl_cube', 'as.table.tbl_cube', 'as.tbl.data.frame', 'as.tbl.tbl', 'as.tbl_cube.array', 'as.tbl_cube.data.frame', 'as.tbl_cube.matrix', 'as.tbl_cube.table', 'as_tibble.grouped_df', 'as_tibble.tbl_cube', 'auto_copy.tbl_cube', 'auto_copy.tbl_df', 'cbind.grouped_df', 'collapse.data.frame', 'collect.data.frame', 'common_by.NULL', 'common_by.character', 'common_by.default', 'common_by.list', 'compute.data.frame', 'copy_to.DBIConnection', 'copy_to.src_local', 'default_missing.data.frame', 'default_missing.default', 'dim.tbl_cube', 'distinct.data.frame', 'distinct.default', 'distinct.grouped_df', 'distinct.tbl_df', 'distinct_.data.frame', 'distinct_.grouped_df', 'distinct_.tbl_df', 'do.NULL', 'do.da [... truncated]
Flavor: r-devel-windows-ix86+x86_64