CRAN Package Check Results for Package birtr

Last updated on 2019-06-18 00:51:29 CEST.

Flavor Version Tinstall Tcheck Ttotal Status Flags
r-devel-linux-x86_64-debian-clang 1.0.0 1.67 19.09 20.76 OK
r-devel-linux-x86_64-debian-gcc 1.0.0 1.69 15.49 17.18 OK
r-devel-linux-x86_64-fedora-clang 1.0.0 25.94 OK
r-devel-linux-x86_64-fedora-gcc 1.0.0 25.13 OK
r-devel-windows-ix86+x86_64 1.0.0 6.00 32.00 38.00 OK
r-patched-linux-x86_64 1.0.0 1.93 19.29 21.22 NOTE
r-patched-solaris-x86 1.0.0 41.10 OK
r-release-linux-x86_64 1.0.0 1.92 19.29 21.21 NOTE
r-release-windows-ix86+x86_64 1.0.0 5.00 51.00 56.00 OK
r-release-osx-x86_64 1.0.0 OK
r-oldrel-windows-ix86+x86_64 1.0.0 3.00 43.00 46.00 OK
r-oldrel-osx-x86_64 1.0.0 OK

Check Details

Version: 1.0.0
Check: DESCRIPTION meta-information
Result: NOTE
    Dependence on R version ‘3.4.1’ not with patchlevel 0
Flavors: r-patched-linux-x86_64, r-release-linux-x86_64