CRAN Package Check Results for Package birtr

Last updated on 2019-09-17 00:49:09 CEST.

Flavor Version Tinstall Tcheck Ttotal Status Flags
r-devel-linux-x86_64-debian-clang 1.0.0 2.00 18.65 20.65 OK
r-devel-linux-x86_64-debian-gcc 1.0.0 OK
r-devel-linux-x86_64-fedora-clang 1.0.0 26.42 OK
r-devel-linux-x86_64-fedora-gcc 1.0.0 25.47 OK
r-devel-windows-ix86+x86_64 1.0.0 7.00 35.00 42.00 OK
r-patched-linux-x86_64 1.0.0 1.92 18.66 20.58 NOTE
r-patched-solaris-x86 1.0.0 43.40 OK
r-release-linux-x86_64 1.0.0 1.84 19.47 21.31 NOTE
r-release-windows-ix86+x86_64 1.0.0 6.00 37.00 43.00 OK
r-release-osx-x86_64 1.0.0 OK
r-oldrel-windows-ix86+x86_64 1.0.0 5.00 30.00 35.00 OK
r-oldrel-osx-x86_64 1.0.0 OK

Check Details

Version: 1.0.0
Check: DESCRIPTION meta-information
Result: NOTE
    Dependence on R version ‘3.4.1’ not with patchlevel 0
Flavors: r-patched-linux-x86_64, r-release-linux-x86_64