CRAN Package Check Results for Package biwt

Last updated on 2019-06-20 00:50:38 CEST.

Flavor Version Tinstall Tcheck Ttotal Status Flags
r-devel-linux-x86_64-debian-clang 1.0 3.05 29.18 32.23 NOTE
r-devel-linux-x86_64-debian-gcc 1.0 2.66 23.77 26.43 NOTE
r-devel-linux-x86_64-fedora-clang 1.0 39.18 NOTE
r-devel-linux-x86_64-fedora-gcc 1.0 37.62 NOTE
r-devel-windows-ix86+x86_64 1.0 10.00 64.00 74.00 NOTE
r-patched-linux-x86_64 1.0 3.34 29.43 32.77 NOTE
r-patched-solaris-x86 1.0 64.20 NOTE
r-release-linux-x86_64 1.0 3.37 29.16 32.53 NOTE
r-release-windows-ix86+x86_64 1.0 9.00 62.00 71.00 NOTE
r-release-osx-x86_64 1.0 NOTE
r-oldrel-windows-ix86+x86_64 1.0 4.00 68.00 72.00 NOTE
r-oldrel-osx-x86_64 1.0 NOTE

Check Details

Version: 1.0
Check: R code for possible problems
Result: NOTE
    biwt.cor: no visible global function definition for 'covMcd'
    biwt.cor: no visible binding for global variable 'mad'
    biwt.est: no visible global function definition for 'covMcd'
    biwt.est: no visible global function definition for 'mahalanobis'
    chi.int: no visible global function definition for 'pchisq'
    chi.int.p: no visible global function definition for 'dchisq'
    chi.int2: no visible global function definition for 'pchisq'
    chi.int2.p: no visible global function definition for 'dchisq'
    rejpt.bw: no visible global function definition for 'pchisq'
    Undefined global functions or variables:
     covMcd dchisq mad mahalanobis pchisq
    Consider adding
     importFrom("stats", "dchisq", "mad", "mahalanobis", "pchisq")
    to your NAMESPACE file.
Flavors: r-devel-linux-x86_64-debian-clang, r-devel-linux-x86_64-debian-gcc, r-devel-linux-x86_64-fedora-clang, r-devel-linux-x86_64-fedora-gcc, r-devel-windows-ix86+x86_64, r-patched-linux-x86_64, r-patched-solaris-x86, r-release-linux-x86_64, r-release-windows-ix86+x86_64, r-release-osx-x86_64, r-oldrel-windows-ix86+x86_64, r-oldrel-osx-x86_64