CRAN Package Check Results for Package blackbox

Last updated on 2019-07-16 00:48:00 CEST.

Flavor Version Tinstall Tcheck Ttotal Status Flags
r-devel-linux-x86_64-debian-clang 1.1.25 55.36 93.54 148.90 OK
r-devel-linux-x86_64-debian-gcc 1.1.25 48.14 73.89 122.03 OK
r-devel-linux-x86_64-fedora-clang 1.1.25 199.78 NOTE
r-devel-linux-x86_64-fedora-gcc 1.1.25 194.35 OK
r-devel-windows-ix86+x86_64 1.1.25 140.00 194.00 334.00 OK
r-patched-linux-x86_64 1.1.25 52.84 93.90 146.74 OK
r-patched-solaris-x86 1.1.25 223.80 OK
r-release-linux-x86_64 1.1.25 55.11 92.94 148.05 OK
r-release-windows-ix86+x86_64 1.1.25 96.00 181.00 277.00 OK
r-release-osx-x86_64 1.1.25 NOTE
r-oldrel-windows-ix86+x86_64 1.1.25 123.00 127.00 250.00 OK
r-oldrel-osx-x86_64 1.1.25 NOTE

Check Details

Version: 1.1.25
Check: installed package size
Result: NOTE
     installed size is 6.5Mb
     sub-directories of 1Mb or more:
     libs 5.9Mb
Flavors: r-devel-linux-x86_64-fedora-clang, r-release-osx-x86_64, r-oldrel-osx-x86_64