CRAN Package Check Results for Package blackbox

Last updated on 2019-10-23 00:47:46 CEST.

Flavor Version Tinstall Tcheck Ttotal Status Flags
r-devel-linux-x86_64-debian-clang 1.1.27 64.79 92.92 157.71 OK
r-devel-linux-x86_64-debian-gcc 1.1.27 49.97 72.89 122.86 OK
r-devel-linux-x86_64-fedora-clang 1.1.27 202.91 NOTE
r-devel-linux-x86_64-fedora-gcc 1.1.27 193.05 OK
r-devel-windows-ix86+x86_64 1.1.27 96.00 132.00 228.00 OK
r-patched-linux-x86_64 1.1.27 52.53 90.95 143.48 OK
r-patched-solaris-x86 1.1.27 217.70 OK
r-release-linux-x86_64 1.1.27 54.47 91.94 146.41 OK
r-release-windows-ix86+x86_64 1.1.27 126.00 124.00 250.00 OK
r-release-osx-x86_64 1.1.27 NOTE
r-oldrel-windows-ix86+x86_64 1.1.27 116.00 137.00 253.00 OK
r-oldrel-osx-x86_64 1.1.27 NOTE

Check Details

Version: 1.1.27
Check: installed package size
Result: NOTE
     installed size is 6.7Mb
     sub-directories of 1Mb or more:
     libs 6.1Mb
Flavors: r-devel-linux-x86_64-fedora-clang, r-release-osx-x86_64, r-oldrel-osx-x86_64