CRAN Package Check Results for Package blockcluster

Last updated on 2019-07-16 00:48:00 CEST.

Flavor Version Tinstall Tcheck Ttotal Status Flags
r-devel-linux-x86_64-debian-clang 4.4.3 417.57 57.42 474.99 OK
r-devel-linux-x86_64-debian-gcc 4.4.3 373.34 45.57 418.91 OK
r-devel-linux-x86_64-fedora-clang 4.4.3 707.11 NOTE
r-devel-linux-x86_64-fedora-gcc 4.4.3 762.61 OK
r-devel-windows-ix86+x86_64 4.4.3 967.00 118.00 1085.00 NOTE
r-patched-linux-x86_64 4.4.3 426.75 56.27 483.02 OK
r-patched-solaris-x86 4.4.3 2427.10 ERROR
r-release-linux-x86_64 4.4.3 432.35 55.55 487.90 OK
r-release-windows-ix86+x86_64 4.4.3 747.00 158.00 905.00 NOTE
r-release-osx-x86_64 4.4.3 NOTE
r-oldrel-windows-ix86+x86_64 4.4.3 951.00 107.00 1058.00 NOTE
r-oldrel-osx-x86_64 4.4.3 NOTE

Additional issues

clang-UBSAN gcc-UBSAN valgrind

Check Details

Version: 4.4.3
Check: installed package size
Result: NOTE
     installed size is 46.5Mb
     sub-directories of 1Mb or more:
     libs 45.2Mb
Flavors: r-devel-linux-x86_64-fedora-clang, r-devel-windows-ix86+x86_64, r-release-windows-ix86+x86_64, r-release-osx-x86_64, r-oldrel-windows-ix86+x86_64, r-oldrel-osx-x86_64

Version: 4.4.3
Check: examples
Result: ERROR
    Running examples in ‘blockcluster-Ex.R’ failed
    The error most likely occurred in:
    
    > ### Name: blockcluster
    > ### Title: Co-Clustering Package
    > ### Aliases: blockcluster
    >
    > ### ** Examples
    >
    >
    > ## Simple example with simulated binary data
    > ## load data
    > data(binarydata)
    > ## usage of coclusterBinary function in its most simplest form
    > out<-coclusterBinary(binarydata,nbcocluster=c(2,3))
    
     *** caught segfault ***
    address c, cause 'memory not mapped'
    
    Traceback:
     1: coclusterBinary(binarydata, nbcocluster = c(2, 3))
    An irrecoverable exception occurred. R is aborting now ...
Flavor: r-patched-solaris-x86

Version: 4.4.3
Check: re-building of vignette outputs
Result: WARN
    Error(s) in re-building vignettes:
     ...
    --- re-building ‘blockcluster_tutorial.Rnw’ using Sweave
    Loading required package: rtkore
    Loading required package: Rcpp
    
    Attaching package: ‘rtkore’
    
    The following object is masked from ‘package:Rcpp’:
    
     LdFlags
    
    blockcluster version 4.4.3 loaded
    
    ----------------
    Copyright (C) <MODAL team @INRIA,Lille & U.M.R. C.N.R.S. 6599 Heudiasyc, UTC>
    Please post questions and bugs at: <https://gforge.inria.fr/forum/forum.php?forum_id=11190&group_id=3679>
    
    Warning: stack imbalance in '<-', 39 then 62
    Warning: stack imbalance in 'withVisible', 33 then 56
Flavor: r-patched-solaris-x86