CRAN Package Check Results for Package bold

Last updated on 2020-01-29 00:49:34 CET.

Flavor Version Tinstall Tcheck Ttotal Status Flags
r-devel-linux-x86_64-debian-clang 0.9.0 4.22 59.63 63.85 OK
r-devel-linux-x86_64-debian-gcc 0.9.0 2.95 47.33 50.28 OK
r-devel-linux-x86_64-fedora-clang 0.9.0 78.20 OK
r-devel-linux-x86_64-fedora-gcc 0.9.0 77.10 OK
r-devel-windows-ix86+x86_64 0.9.0 9.00 136.00 145.00 OK
r-devel-windows-ix86+x86_64-gcc8 0.9.0 13.00 109.00 122.00 OK
r-patched-linux-x86_64 0.9.0 OK
r-patched-solaris-x86 0.9.0 125.90 OK
r-release-linux-x86_64 0.9.0 3.46 54.90 58.36 OK
r-release-windows-ix86+x86_64 0.9.0 8.00 81.00 89.00 OK
r-release-osx-x86_64 0.9.0 NOTE
r-oldrel-windows-ix86+x86_64 0.9.0 7.00 96.00 103.00 OK
r-oldrel-osx-x86_64 0.9.0 NOTE

Check Details

Version: 0.9.0
Check: package dependencies
Result: NOTE
    Package suggested but not available for checking: ‘sangerseqR’
Flavors: r-release-osx-x86_64, r-oldrel-osx-x86_64