CRAN Package Check Results for Package bqtl

Last updated on 2020-01-22 00:48:51 CET.

Flavor Version Tinstall Tcheck Ttotal Status Flags
r-devel-linux-x86_64-debian-clang 1.0-32 14.26 40.30 54.56 OK
r-devel-linux-x86_64-debian-gcc 1.0-32 8.73 31.72 40.45 OK
r-devel-linux-x86_64-fedora-clang 1.0-32 64.55 NOTE
r-devel-linux-x86_64-fedora-gcc 1.0-32 60.84 NOTE
r-devel-windows-ix86+x86_64 1.0-32 40.00 57.00 97.00 OK
r-devel-windows-ix86+x86_64-gcc8 1.0-32 29.00 68.00 97.00 OK
r-patched-linux-x86_64 1.0-32 10.07 37.18 47.25 OK
r-patched-solaris-x86 1.0-32 79.00 OK
r-release-linux-x86_64 1.0-32 9.81 37.20 47.01 OK
r-release-windows-ix86+x86_64 1.0-32 27.00 96.00 123.00 OK
r-release-osx-x86_64 1.0-32 OK
r-oldrel-windows-ix86+x86_64 1.0-32 28.00 48.00 76.00 OK
r-oldrel-osx-x86_64 1.0-32 OK

Check Details

Version: 1.0-32
Check: compiled code
Result: NOTE
    File ‘bqtl/libs/bqtl.so’:
     Found no calls to: ‘R_registerRoutines’, ‘R_useDynamicSymbols’
    
    It is good practice to register native routines and to disable symbol
    search.
    
    See ‘Writing portable packages’ in the ‘Writing R Extensions’ manual.
Flavors: r-devel-linux-x86_64-fedora-clang, r-devel-linux-x86_64-fedora-gcc