CRAN Package Check Results for Package bqtl

Last updated on 2019-09-16 00:47:36 CEST.

Flavor Version Tinstall Tcheck Ttotal Status Flags
r-devel-linux-x86_64-debian-clang 1.0-32 13.17 37.78 50.95 OK
r-devel-linux-x86_64-debian-gcc 1.0-32 8.18 29.54 37.72 OK
r-devel-linux-x86_64-fedora-clang 1.0-32 59.14 NOTE
r-devel-linux-x86_64-fedora-gcc 1.0-32 57.37 NOTE
r-devel-windows-ix86+x86_64 1.0-32 41.00 78.00 119.00 OK
r-patched-linux-x86_64 1.0-32 10.30 38.03 48.33 OK
r-patched-solaris-x86 1.0-32 83.20 OK
r-release-linux-x86_64 1.0-32 10.40 37.96 48.36 OK
r-release-windows-ix86+x86_64 1.0-32 27.00 96.00 123.00 OK
r-release-osx-x86_64 1.0-32 OK
r-oldrel-windows-ix86+x86_64 1.0-32 28.00 48.00 76.00 OK
r-oldrel-osx-x86_64 1.0-32 OK

Check Details

Version: 1.0-32
Check: compiled code
Result: NOTE
    File ‘bqtl/libs/bqtl.so’:
     Found no calls to: ‘R_registerRoutines’, ‘R_useDynamicSymbols’
    
    It is good practice to register native routines and to disable symbol
    search.
    
    See ‘Writing portable packages’ in the ‘Writing R Extensions’ manual.
Flavors: r-devel-linux-x86_64-fedora-clang, r-devel-linux-x86_64-fedora-gcc