CRAN Package Check Results for Package brainGraph

Last updated on 2019-10-22 00:52:18 CEST.

Flavor Version Tinstall Tcheck Ttotal Status Flags
r-devel-linux-x86_64-debian-clang 2.2.0 4.38 3.04 7.42 ERROR
r-devel-linux-x86_64-debian-gcc 2.2.0 4.18 2.55 6.73 ERROR
r-devel-linux-x86_64-fedora-clang 2.2.0 9.48 ERROR
r-devel-linux-x86_64-fedora-gcc 2.2.0 9.05 ERROR
r-devel-windows-ix86+x86_64 2.2.0 8.00 5.00 13.00 ERROR
r-patched-linux-x86_64 2.2.0 4.15 3.01 7.16 ERROR
r-patched-solaris-x86 2.2.0 11.10 ERROR
r-release-linux-x86_64 2.2.0 4.72 3.03 7.75 ERROR
r-release-windows-ix86+x86_64 2.2.0 11.00 6.00 17.00 ERROR
r-release-osx-x86_64 2.2.0 NOTE
r-oldrel-windows-ix86+x86_64 2.2.0 7.00 5.00 12.00 ERROR
r-oldrel-osx-x86_64 2.2.0 NOTE

Check Details

Version: 2.2.0
Check: whether package can be installed
Result: ERROR
    Installation failed.
Flavors: r-devel-linux-x86_64-debian-clang, r-devel-linux-x86_64-debian-gcc, r-devel-linux-x86_64-fedora-clang, r-devel-linux-x86_64-fedora-gcc, r-devel-windows-ix86+x86_64, r-patched-linux-x86_64, r-patched-solaris-x86, r-release-linux-x86_64, r-release-windows-ix86+x86_64, r-oldrel-windows-ix86+x86_64

Version: 2.2.0
Check: package dependencies
Result: NOTE
    Packages suggested but not available for checking: 'RGtk2', 'cairoDevice'
Flavor: r-release-osx-x86_64

Version: 2.2.0
Check: package dependencies
Result: NOTE
    Packages suggested but not available for checking: ‘RGtk2’ ‘cairoDevice’
Flavor: r-oldrel-osx-x86_64