CRAN Package Check Results for Package brainKCCA

Last updated on 2019-07-16 00:48:00 CEST.

Flavor Version Tinstall Tcheck Ttotal Status Flags
r-devel-linux-x86_64-debian-clang 0.1.0 9.21 57.54 66.75 OK
r-devel-linux-x86_64-debian-gcc 0.1.0 8.14 47.09 55.23 OK
r-devel-linux-x86_64-fedora-clang 0.1.0 77.76 NOTE
r-devel-linux-x86_64-fedora-gcc 0.1.0 78.05 NOTE
r-devel-windows-ix86+x86_64 0.1.0 23.00 121.00 144.00 OK
r-patched-linux-x86_64 0.1.0 8.53 58.08 66.61 OK
r-patched-solaris-x86 0.1.0 132.80 NOTE
r-release-linux-x86_64 0.1.0 10.24 57.28 67.52 OK
r-release-windows-ix86+x86_64 0.1.0 6.00 76.00 82.00 ERROR
r-release-osx-x86_64 0.1.0 WARN
r-oldrel-windows-ix86+x86_64 0.1.0 18.00 85.00 103.00 OK
r-oldrel-osx-x86_64 0.1.0 NOTE

Check Details

Version: 0.1.0
Check: dependencies in R code
Result: NOTE
    Namespaces in Imports field not imported from:
     ‘CCA’ ‘brainR’ ‘elasticnet’
     All declared Imports should be used.
Flavors: r-devel-linux-x86_64-fedora-clang, r-devel-linux-x86_64-fedora-gcc, r-patched-solaris-x86, r-release-osx-x86_64, r-oldrel-osx-x86_64

Version: 0.1.0
Check: whether package can be installed
Result: ERROR
    Installation failed.
Flavor: r-release-windows-ix86+x86_64

Version: 0.1.0
Check: whether package can be installed
Result: WARN
    Found the following significant warnings:
     Warning: 'rgl_init' failed, running with rgl.useNULL = TRUE
Flavor: r-release-osx-x86_64