CRAN Package Check Results for Package brainKCCA

Last updated on 2019-10-15 00:49:50 CEST.

Flavor Version Tinstall Tcheck Ttotal Status Flags
r-devel-linux-x86_64-debian-clang 0.1.0 9.63 57.54 67.17 OK
r-devel-linux-x86_64-debian-gcc 0.1.0 8.72 47.47 56.19 OK
r-devel-linux-x86_64-fedora-clang 0.1.0 83.16 NOTE
r-devel-linux-x86_64-fedora-gcc 0.1.0 85.43 NOTE
r-devel-windows-ix86+x86_64 0.1.0 22.00 84.00 106.00 OK
r-patched-linux-x86_64 0.1.0 9.51 57.89 67.40 OK
r-patched-solaris-x86 0.1.0 130.10 NOTE
r-release-linux-x86_64 0.1.0 9.87 57.92 67.79 OK
r-release-windows-ix86+x86_64 0.1.0 28.00 109.00 137.00 OK
r-release-osx-x86_64 0.1.0 WARN
r-oldrel-windows-ix86+x86_64 0.1.0 10.00 85.00 95.00 OK
r-oldrel-osx-x86_64 0.1.0 NOTE

Check Details

Version: 0.1.0
Check: dependencies in R code
Result: NOTE
    Namespaces in Imports field not imported from:
     ‘CCA’ ‘brainR’ ‘elasticnet’
     All declared Imports should be used.
Flavors: r-devel-linux-x86_64-fedora-clang, r-devel-linux-x86_64-fedora-gcc, r-patched-solaris-x86, r-release-osx-x86_64, r-oldrel-osx-x86_64

Version: 0.1.0
Check: whether package can be installed
Result: WARN
    Found the following significant warnings:
     Warning: 'rgl_init' failed, running with rgl.useNULL = TRUE
Flavor: r-release-osx-x86_64