CRAN Package Check Results for Package brlrmr

Last updated on 2019-10-23 00:47:46 CEST.

Flavor Version Tinstall Tcheck Ttotal Status Flags
r-devel-linux-x86_64-debian-clang 0.1.7 2.77 22.23 25.00 OK
r-devel-linux-x86_64-debian-gcc 0.1.7 2.28 18.25 20.53 OK
r-devel-linux-x86_64-fedora-clang 0.1.7 30.54 NOTE
r-devel-linux-x86_64-fedora-gcc 0.1.7 29.93 NOTE
r-devel-windows-ix86+x86_64 0.1.7 6.00 33.00 39.00 OK
r-patched-linux-x86_64 0.1.7 2.05 22.02 24.07 OK
r-patched-solaris-x86 0.1.7 44.50 NOTE
r-release-linux-x86_64 0.1.7 2.71 22.11 24.82 OK
r-release-windows-ix86+x86_64 0.1.7 6.00 34.00 40.00 OK
r-release-osx-x86_64 0.1.7 NOTE
r-oldrel-windows-ix86+x86_64 0.1.7 5.00 52.00 57.00 OK
r-oldrel-osx-x86_64 0.1.7 NOTE

Check Details

Version: 0.1.7
Check: dependencies in R code
Result: NOTE
    Namespaces in Imports field not imported from:
     ‘Rcpp’ ‘profileModel’
     All declared Imports should be used.
Flavors: r-devel-linux-x86_64-fedora-clang, r-devel-linux-x86_64-fedora-gcc, r-patched-solaris-x86, r-release-osx-x86_64, r-oldrel-osx-x86_64