CRAN Package Check Results for Package brlrmr

Last updated on 2019-07-16 00:48:00 CEST.

Flavor Version Tinstall Tcheck Ttotal Status Flags
r-devel-linux-x86_64-debian-clang 0.1.5 2.49 22.92 25.41 OK
r-devel-linux-x86_64-debian-gcc 0.1.5 2.12 18.58 20.70 OK
r-devel-linux-x86_64-fedora-clang 0.1.5 30.47 NOTE
r-devel-linux-x86_64-fedora-gcc 0.1.5 29.25 NOTE
r-devel-windows-ix86+x86_64 0.1.5 7.00 35.00 42.00 OK
r-patched-linux-x86_64 0.1.5 2.24 22.94 25.18 OK
r-patched-solaris-x86 0.1.5 44.60 NOTE
r-release-linux-x86_64 0.1.5 2.69 22.94 25.63 OK
r-release-windows-ix86+x86_64 0.1.5 5.00 51.00 56.00 OK
r-release-osx-x86_64 0.1.5 NOTE
r-oldrel-windows-ix86+x86_64 0.1.5 5.00 44.00 49.00 OK
r-oldrel-osx-x86_64 0.1.5 NOTE

Check Details

Version: 0.1.5
Check: dependencies in R code
Result: NOTE
    Namespaces in Imports field not imported from:
     ‘Rcpp’ ‘profileModel’
     All declared Imports should be used.
Flavors: r-devel-linux-x86_64-fedora-clang, r-devel-linux-x86_64-fedora-gcc, r-patched-solaris-x86, r-release-osx-x86_64, r-oldrel-osx-x86_64