CRAN Package Check Results for Package brms

Last updated on 2019-09-17 00:49:10 CEST.

Flavor Version Tinstall Tcheck Ttotal Status Flags
r-devel-linux-x86_64-debian-clang 2.10.0 45.07 501.11 546.18 OK
r-devel-linux-x86_64-debian-gcc 2.10.0 OK
r-devel-linux-x86_64-fedora-clang 2.10.0 706.47 NOTE
r-devel-linux-x86_64-fedora-gcc 2.10.0 642.16 OK
r-devel-windows-ix86+x86_64 2.10.0 122.00 182.00 304.00 NOTE --no-examples --no-tests --no-vignettes
r-patched-linux-x86_64 2.10.0 45.02 492.13 537.15 OK
r-patched-solaris-x86 2.10.0 886.50 NOTE
r-release-linux-x86_64 2.10.0 45.20 493.73 538.93 OK
r-release-windows-ix86+x86_64 2.10.0 67.00 263.00 330.00 NOTE --no-examples --no-tests --no-vignettes
r-release-osx-x86_64 2.10.0 NOTE
r-oldrel-windows-ix86+x86_64 2.10.0 77.00 173.00 250.00 NOTE --no-examples --no-tests --no-vignettes
r-oldrel-osx-x86_64 2.10.0 NOTE

Additional issues

MKL

Check Details

Version: 2.10.0
Check: installed package size
Result: NOTE
     installed size is 6.5Mb
     sub-directories of 1Mb or more:
     R 2.9Mb
     doc 2.6Mb
Flavors: r-devel-linux-x86_64-fedora-clang, r-patched-solaris-x86, r-release-osx-x86_64, r-oldrel-osx-x86_64

Version: 2.10.0
Flags: --no-examples --no-tests --no-vignettes
Check: installed package size
Result: NOTE
     installed size is 6.4Mb
     sub-directories of 1Mb or more:
     R 2.9Mb
     doc 2.6Mb
Flavors: r-devel-windows-ix86+x86_64, r-release-windows-ix86+x86_64, r-oldrel-windows-ix86+x86_64