CRAN Package Check Results for Package btergm

Last updated on 2018-04-21 00:48:03 CEST.

Flavor Version Tinstall Tcheck Ttotal Status Flags
r-devel-linux-x86_64-debian-clang 1.9.1 12.23 100.28 112.51 OK
r-devel-linux-x86_64-debian-gcc 1.9.1 10.82 79.55 90.37 OK
r-devel-linux-x86_64-fedora-clang 1.9.1 132.17 OK
r-devel-linux-x86_64-fedora-gcc 1.9.1 131.25 OK
r-devel-windows-ix86+x86_64 1.9.1 26.00 106.00 132.00 OK
r-devel-osx-x86_64 1.9.1 OK
r-patched-linux-x86_64 1.9.1 10.23 100.11 110.34 OK
r-patched-solaris-x86 1.9.1 3.30 ERROR
r-release-linux-x86_64 1.9.1 5.78 107.77 113.55 OK
r-release-windows-ix86+x86_64 1.9.1 18.00 120.00 138.00 OK
r-release-osx-x86_64 1.9.1 OK
r-oldrel-windows-ix86+x86_64 1.9.1 22.00 108.00 130.00 OK

Check Details

Version: 1.9.1
Check: package dependencies
Result: ERROR
    Package required but not available: ‘RSiena’
    
    See section ‘The DESCRIPTION file’ in the ‘Writing R Extensions’
    manual.
Flavor: r-patched-solaris-x86