CRAN Package Check Results for Package btergm

Last updated on 2018-01-24 00:46:49 CET.

Flavor Version Tinstall Tcheck Ttotal Status Flags
r-devel-linux-x86_64-debian-clang 1.9.0 5.52 104.22 109.74 OK
r-devel-linux-x86_64-debian-gcc 1.9.0 5.19 78.85 84.04 OK
r-devel-linux-x86_64-fedora-clang 1.9.0 130.99 OK
r-devel-linux-x86_64-fedora-gcc 1.9.0 129.58 OK
r-devel-windows-ix86+x86_64 1.9.0 24.00 140.00 164.00 OK
r-patched-linux-x86_64 1.9.0 7.26 108.42 115.68 OK
r-patched-solaris-x86 1.9.0 3.40 ERROR
r-release-linux-x86_64 1.9.0 7.56 107.83 115.39 OK
r-release-windows-ix86+x86_64 1.9.0 11.00 150.00 161.00 OK
r-release-osx-x86_64 1.9.0 OK
r-oldrel-windows-ix86+x86_64 1.9.0 18.00 149.00 167.00 OK
r-oldrel-osx-x86_64 1.9.0 OK

Check Details

Version: 1.9.0
Check: package dependencies
Result: ERROR
    Package required but not available: ‘RSiena’
    
    See section ‘The DESCRIPTION file’ in the ‘Writing R Extensions’
    manual.
Flavor: r-patched-solaris-x86