CRAN Package Check Results for Package btergm

Last updated on 2018-07-17 00:52:31 CEST.

Flavor Version Tinstall Tcheck Ttotal Status Flags
r-devel-linux-x86_64-debian-clang 1.9.1 13.60 112.09 125.69 WARN
r-devel-linux-x86_64-debian-gcc 1.9.1 9.23 93.35 102.58 WARN
r-devel-linux-x86_64-fedora-clang 1.9.1 159.91 WARN
r-devel-linux-x86_64-fedora-gcc 1.9.1 149.01 WARN
r-devel-windows-ix86+x86_64 1.9.1 29.00 172.00 201.00 WARN
r-patched-linux-x86_64 1.9.1 11.37 105.65 117.02 WARN
r-patched-solaris-x86 1.9.1 219.20 WARN
r-release-linux-x86_64 1.9.1 12.81 105.80 118.61 WARN
r-release-windows-ix86+x86_64 1.9.1 27.00 181.00 208.00 WARN
r-release-osx-x86_64 1.9.1 OK
r-oldrel-windows-ix86+x86_64 1.9.1 11.00 111.00 122.00 WARN
r-oldrel-osx-x86_64 1.9.1 OK

Check Details

Version: 1.9.1
Check: whether package can be installed
Result: WARN
    Found the following significant warnings:
     Warning: replacing previous import ‘statnet.common::sweep.mcmc.list’ by ‘ergm::sweep.mcmc.list’ when loading ‘btergm’
     Warning: replacing previous import ‘statnet.common::colMeans.mcmc.list’ by ‘ergm::colMeans.mcmc.list’ when loading ‘btergm’
Flavors: r-devel-linux-x86_64-debian-clang, r-devel-linux-x86_64-debian-gcc, r-devel-linux-x86_64-fedora-clang, r-devel-linux-x86_64-fedora-gcc, r-patched-linux-x86_64, r-patched-solaris-x86, r-release-linux-x86_64, r-release-windows-ix86+x86_64, r-oldrel-windows-ix86+x86_64

Version: 1.9.1
Check: whether package can be installed
Result: WARN
    Found the following significant warnings:
     Warning: S3 methods '[.fun_list', '[.grouped_df', 'all.equal.tbl_df', 'anti_join.data.frame', 'anti_join.tbl_df', 'arrange.data.frame', 'arrange.default', 'arrange.grouped_df', 'arrange.tbl_df', 'arrange_.data.frame', 'arrange_.tbl_df', 'as.data.frame.grouped_df', 'as.data.frame.rowwise_df', 'as.data.frame.tbl_cube', 'as.data.frame.tbl_df', 'as.table.tbl_cube', 'as.tbl.data.frame', 'as.tbl.tbl', 'as.tbl_cube.array', 'as.tbl_cube.data.frame', 'as.tbl_cube.matrix', 'as.tbl_cube.table', 'as_data_frame.grouped_df', 'as_data_frame.tbl_cube', 'auto_copy.tbl_cube', 'auto_copy.tbl_df', 'cbind.grouped_df', 'collapse.data.frame', 'collect.data.frame', 'common_by.NULL', 'common_by.character', 'common_by.default', 'common_by.list', 'compute.data.frame', 'copy_to.DBIConnection', 'copy_to.src_local', 'default_missing.data.frame', 'default_missing.default', 'dim.tbl_cube', 'distinct.data.frame', 'distinct.default', 'distinct.grouped_df', 'distinct.tbl_df', 'distinct_.data.frame', 'distinct_.grouped_df', 'dist [... truncated]
     Warning: replacing previous import 'statnet.common::sweep.mcmc.list' by 'ergm::sweep.mcmc.list' when loading 'btergm'
     Warning: replacing previous import 'statnet.common::colMeans.mcmc.list' by 'ergm::colMeans.mcmc.list' when loading 'btergm'
Flavor: r-devel-windows-ix86+x86_64