CRAN Package Check Results for Package bvpSolve

Last updated on 2019-07-16 00:48:01 CEST.

Flavor Version Tinstall Tcheck Ttotal Status Flags
r-devel-linux-x86_64-debian-clang 1.3.3 28.93 90.17 119.10 OK
r-devel-linux-x86_64-debian-gcc 1.3.3 22.14 67.19 89.33 OK
r-devel-linux-x86_64-fedora-clang 1.3.3 151.10 NOTE
r-devel-linux-x86_64-fedora-gcc 1.3.3 147.56 NOTE
r-devel-windows-ix86+x86_64 1.3.3 98.00 121.00 219.00 OK
r-patched-linux-x86_64 1.3.3 28.52 88.98 117.50 OK
r-patched-solaris-x86 1.3.3 201.80 OK
r-release-linux-x86_64 1.3.3 28.67 90.22 118.89 OK
r-release-windows-ix86+x86_64 1.3.3 69.00 164.00 233.00 OK
r-release-osx-x86_64 1.3.3 OK
r-oldrel-windows-ix86+x86_64 1.3.3 79.00 120.00 199.00 OK
r-oldrel-osx-x86_64 1.3.3 OK

Additional issues

LTO rchk

Check Details

Version: 1.3.3
Check: compiled code
Result: NOTE
    File ‘bvpSolve/libs/bvpSolve.so’:
     Found no calls to: ‘R_registerRoutines’, ‘R_useDynamicSymbols’
    
    It is good practice to register native routines and to disable symbol
    search.
    
    See ‘Writing portable packages’ in the ‘Writing R Extensions’ manual.
Flavors: r-devel-linux-x86_64-fedora-clang, r-devel-linux-x86_64-fedora-gcc