CRAN Package Check Results for Package bytescircle

Last updated on 2019-08-24 00:52:24 CEST.

Flavor Version Tinstall Tcheck Ttotal Status Flags
r-devel-linux-x86_64-debian-clang 1.1 2.97 23.03 26.00 OK
r-devel-linux-x86_64-debian-gcc 1.1 2.37 18.97 21.34 OK
r-devel-linux-x86_64-fedora-clang 1.1 34.71 NOTE
r-devel-linux-x86_64-fedora-gcc 1.1 32.02 NOTE
r-devel-windows-ix86+x86_64 1.1 8.00 46.00 54.00 OK
r-patched-linux-x86_64 1.1 2.74 23.38 26.12 OK
r-patched-solaris-x86 1.1 47.70 OK
r-release-linux-x86_64 1.1 2.58 23.30 25.88 OK
r-release-windows-ix86+x86_64 1.1 7.00 63.00 70.00 OK
r-release-osx-x86_64 1.1 OK
r-oldrel-windows-ix86+x86_64 1.1 7.00 61.00 68.00 OK
r-oldrel-osx-x86_64 1.1 OK

Check Details

Version: 1.1
Check: compiled code
Result: NOTE
    File ‘bytescircle/libs/bytescircle.so’:
     Found no calls to: ‘R_registerRoutines’, ‘R_useDynamicSymbols’
    
    It is good practice to register native routines and to disable symbol
    search.
    
    See ‘Writing portable packages’ in the ‘Writing R Extensions’ manual.
Flavors: r-devel-linux-x86_64-fedora-clang, r-devel-linux-x86_64-fedora-gcc