CRAN Package Check Results for Package bytescircle

Last updated on 2020-07-11 00:48:45 CEST.

Flavor Version Tinstall Tcheck Ttotal Status Flags
r-devel-linux-x86_64-debian-clang 1.1 3.03 24.33 27.36 OK
r-devel-linux-x86_64-debian-gcc 1.1 2.33 19.70 22.03 OK
r-devel-linux-x86_64-fedora-clang 1.1 42.28 NOTE
r-devel-linux-x86_64-fedora-gcc 1.1 33.68 NOTE
r-devel-windows-ix86+x86_64 1.1 9.00 48.00 57.00 OK
r-patched-linux-x86_64 1.1 3.04 24.60 27.64 OK
r-patched-solaris-x86 1.1 49.40 OK
r-release-linux-x86_64 1.1 3.07 24.81 27.88 OK
r-release-osx-x86_64 1.1 OK
r-release-windows-ix86+x86_64 1.1 8.00 64.00 72.00 OK
r-oldrel-osx-x86_64 1.1 OK
r-oldrel-windows-ix86+x86_64 1.1 11.00 47.00 58.00 OK

Check Details

Version: 1.1
Check: compiled code
Result: NOTE
    File ‘bytescircle/libs/bytescircle.so’:
     Found no calls to: ‘R_registerRoutines’, ‘R_useDynamicSymbols’
    
    It is good practice to register native routines and to disable symbol
    search.
    
    See ‘Writing portable packages’ in the ‘Writing R Extensions’ manual.
Flavors: r-devel-linux-x86_64-fedora-clang, r-devel-linux-x86_64-fedora-gcc