CRAN Package Check Results for Package bytescircle

Last updated on 2019-06-20 00:50:39 CEST.

Flavor Version Tinstall Tcheck Ttotal Status Flags
r-devel-linux-x86_64-debian-clang 1.1 2.63 22.59 25.22 OK
r-devel-linux-x86_64-debian-gcc 1.1 2.05 18.65 20.70 OK
r-devel-linux-x86_64-fedora-clang 1.1 32.03 NOTE
r-devel-linux-x86_64-fedora-gcc 1.1 30.44 NOTE
r-devel-windows-ix86+x86_64 1.1 12.00 64.00 76.00 OK
r-patched-linux-x86_64 1.1 2.71 22.69 25.40 OK
r-patched-solaris-x86 1.1 43.40 OK
r-release-linux-x86_64 1.1 2.59 23.03 25.62 OK
r-release-windows-ix86+x86_64 1.1 9.00 70.00 79.00 OK
r-release-osx-x86_64 1.1 OK
r-oldrel-windows-ix86+x86_64 1.1 4.00 72.00 76.00 OK
r-oldrel-osx-x86_64 1.1 OK

Check Details

Version: 1.1
Check: compiled code
Result: NOTE
    File ‘bytescircle/libs/bytescircle.so’:
     Found no calls to: ‘R_registerRoutines’, ‘R_useDynamicSymbols’
    
    It is good practice to register native routines and to disable symbol
    search.
    
    See ‘Writing portable packages’ in the ‘Writing R Extensions’ manual.
Flavors: r-devel-linux-x86_64-fedora-clang, r-devel-linux-x86_64-fedora-gcc