CRAN Package Check Results for Package bytescircle

Last updated on 2019-10-20 00:47:25 CEST.

Flavor Version Tinstall Tcheck Ttotal Status Flags
r-devel-linux-x86_64-debian-clang 1.1 2.84 23.43 26.27 OK
r-devel-linux-x86_64-debian-gcc 1.1 2.21 18.34 20.55 OK
r-devel-linux-x86_64-fedora-clang 1.1 32.71 NOTE
r-devel-linux-x86_64-fedora-gcc 1.1 31.38 NOTE
r-devel-windows-ix86+x86_64 1.1 9.00 44.00 53.00 OK
r-patched-linux-x86_64 1.1 2.46 22.33 24.79 OK
r-patched-solaris-x86 1.1 45.80 OK
r-release-linux-x86_64 1.1 2.48 22.53 25.01 OK
r-release-windows-ix86+x86_64 1.1 7.00 71.00 78.00 OK
r-release-osx-x86_64 1.1 OK
r-oldrel-windows-ix86+x86_64 1.1 5.00 45.00 50.00 OK
r-oldrel-osx-x86_64 1.1 OK

Check Details

Version: 1.1
Check: compiled code
Result: NOTE
    File ‘bytescircle/libs/bytescircle.so’:
     Found no calls to: ‘R_registerRoutines’, ‘R_useDynamicSymbols’
    
    It is good practice to register native routines and to disable symbol
    search.
    
    See ‘Writing portable packages’ in the ‘Writing R Extensions’ manual.
Flavors: r-devel-linux-x86_64-fedora-clang, r-devel-linux-x86_64-fedora-gcc