CRAN Package Check Results for Package c14bazAAR

Last updated on 2019-09-22 00:47:34 CEST.

Flavor Version Tinstall Tcheck Ttotal Status Flags
r-devel-linux-x86_64-debian-clang 1.0.3 3.19 52.47 55.66 OK
r-devel-linux-x86_64-debian-gcc 1.0.3 2.30 40.58 42.88 OK
r-devel-linux-x86_64-fedora-clang 1.0.3 69.85 OK
r-devel-linux-x86_64-fedora-gcc 1.0.3 70.03 OK
r-devel-windows-ix86+x86_64 1.0.3 10.00 90.00 100.00 OK
r-patched-linux-x86_64 1.0.3 3.35 50.48 53.83 OK
r-patched-solaris-x86 1.0.3 100.90 WARN
r-release-linux-x86_64 1.0.3 3.04 50.71 53.75 OK
r-release-windows-ix86+x86_64 1.0.3 8.00 65.00 73.00 OK
r-release-osx-x86_64 1.0.3 WARN
r-oldrel-windows-ix86+x86_64 1.0.3 5.00 67.00 72.00 ERROR
r-oldrel-osx-x86_64 1.0.3 ERROR

Check Details

Version: 1.0.3
Check: re-building of vignette outputs
Result: WARN
    Error(s) in re-building vignettes:
     ...
    --- re-building ‘simple_plotting.Rmd’ using rmarkdown
    Warning in engine$weave(file, quiet = quiet, encoding = enc) :
     Pandoc (>= 1.12.3) and/or pandoc-citeproc not available. Falling back to R Markdown v1.
    Warning: Removed 4550 rows containing missing values (geom_path).
    Quitting from lines 173-174 (simple_plotting.Rmd)
    Error: processing vignette 'simple_plotting.Rmd' failed with diagnostics:
    cannot open the connection
    --- failed re-building ‘simple_plotting.Rmd’
    
    SUMMARY: processing the following file failed:
     ‘simple_plotting.Rmd’
    
    Error: Vignette re-building failed.
    Execution halted
Flavors: r-patched-solaris-x86, r-release-osx-x86_64

Version: 1.0.3
Check: examples
Result: ERROR
    Running examples in 'c14bazAAR-Ex.R' failed
    The error most likely occurred in:
    
    > ### Name: c14_date_list
    > ### Title: *c14_date_list*
    > ### Aliases: c14_date_list as.c14_date_list is.c14_date_list
    > ### format.c14_date_list print.c14_date_list
    >
    > ### ** Examples
    >
    > # c14_date_list can be crafted manually:
    > as.c14_date_list(data.frame(c14age = c(2000, 2500), c14std = c(30, 35)))
     Radiocarbon date list
     dates 2
     uncalBP 2500 <U+2015> 2000
    
    # A tibble: 2 x 2
     c14age c14std
     <int> <int>
    1 2000 30
    2 2500 35
    >
    > # The c14_date_list class is stripped if
    > # you apply functions to a c14_date_list
    > # that return tibbles or data.frames.
    > # You have to add the class again afterwards:
    > library(magrittr)
    > example_c14_date_list %>%
    + dplyr::filter(sourcedb == "CALPAL") %>%
    + as.c14_date_list()
    Error in value[[jvseq[[jjj]]]] : subscript out of bounds
    Calls: %>% ... <Anonymous> -> clean_latlon -> [<- -> [<-.data.frame
    Execution halted
Flavor: r-oldrel-windows-ix86+x86_64

Version: 1.0.3
Check: examples
Result: ERROR
    Running examples in ‘c14bazAAR-Ex.R’ failed
    The error most likely occurred in:
    
    > ### Name: c14_date_list
    > ### Title: *c14_date_list*
    > ### Aliases: c14_date_list as.c14_date_list is.c14_date_list
    > ### format.c14_date_list print.c14_date_list
    >
    > ### ** Examples
    >
    > # c14_date_list can be crafted manually:
    > as.c14_date_list(data.frame(c14age = c(2000, 2500), c14std = c(30, 35)))
     Radiocarbon date list
     dates 2
     uncalBP 2500 ― 2000
    
    # A tibble: 2 x 2
     c14age c14std
     <int> <int>
    1 2000 30
    2 2500 35
    >
    > # The c14_date_list class is stripped if
    > # you apply functions to a c14_date_list
    > # that return tibbles or data.frames.
    > # You have to add the class again afterwards:
    > library(magrittr)
    > example_c14_date_list %>%
    + dplyr::filter(sourcedb == "CALPAL") %>%
    + as.c14_date_list()
    Error in value[[jvseq[[jjj]]]] : subscript out of bounds
    Calls: %>% ... <Anonymous> -> clean_latlon -> [<- -> [<-.data.frame
    Execution halted
Flavor: r-oldrel-osx-x86_64