CRAN Package Check Results for Package c14bazAAR

Last updated on 2020-02-24 00:48:35 CET.

Flavor Version Tinstall Tcheck Ttotal Status Flags
r-devel-linux-x86_64-debian-clang 1.2.0 4.18 69.54 73.72 OK
r-devel-linux-x86_64-debian-gcc 1.2.0 OK
r-devel-linux-x86_64-fedora-clang 1.2.0 86.72 OK
r-devel-linux-x86_64-fedora-gcc 1.2.0 83.16 OK
r-devel-windows-ix86+x86_64 1.2.0 8.00 72.00 80.00 OK
r-devel-windows-ix86+x86_64-gcc8 1.2.0 14.00 100.00 114.00 OK
r-patched-linux-x86_64 1.2.0 OK
r-patched-solaris-x86 1.2.0 117.00 WARN
r-release-linux-x86_64 1.2.0 3.26 60.75 64.01 OK
r-release-windows-ix86+x86_64 1.2.0 7.00 78.00 85.00 OK
r-release-osx-x86_64 1.2.0 WARN
r-oldrel-windows-ix86+x86_64 1.2.0 5.00 77.00 82.00 OK
r-oldrel-osx-x86_64 1.2.0 OK

Check Details

Version: 1.2.0
Check: re-building of vignette outputs
Result: WARN
    Error(s) in re-building vignettes:
     ...
    --- re-building ‘simple_plotting.Rmd’ using rmarkdown
    Warning in engine$weave(file, quiet = quiet, encoding = enc) :
     Pandoc (>= 1.12.3) and/or pandoc-citeproc not available. Falling back to R Markdown v1.
    Warning: Removed 4550 rows containing missing values (geom_path).
    Quitting from lines 173-174 (simple_plotting.Rmd)
    Error: processing vignette 'simple_plotting.Rmd' failed with diagnostics:
    cannot open the connection
    --- failed re-building ‘simple_plotting.Rmd’
    
    SUMMARY: processing the following file failed:
     ‘simple_plotting.Rmd’
    
    Error: Vignette re-building failed.
    Execution halted
Flavors: r-patched-solaris-x86, r-release-osx-x86_64