CRAN Package Check Results for Package calmate

Last updated on 2019-09-21 00:52:36 CEST.

Flavor Version Tinstall Tcheck Ttotal Status Flags
r-devel-linux-x86_64-debian-clang 0.12.1 5.86 54.88 60.74 OK
r-devel-linux-x86_64-debian-gcc 0.12.1 5.66 45.63 51.29 OK
r-devel-linux-x86_64-fedora-clang 0.12.1 73.66 OK
r-devel-linux-x86_64-fedora-gcc 0.12.1 72.03 OK
r-devel-windows-ix86+x86_64 0.12.1 20.00 71.00 91.00 OK
r-patched-linux-x86_64 0.12.1 5.84 54.89 60.73 OK
r-patched-solaris-x86 0.12.1 108.00 OK
r-release-linux-x86_64 0.12.1 4.91 55.12 60.03 OK
r-release-windows-ix86+x86_64 0.12.1 14.00 100.00 114.00 OK
r-release-osx-x86_64 0.12.1 ERROR
r-oldrel-windows-ix86+x86_64 0.12.1 8.00 87.00 95.00 OK
r-oldrel-osx-x86_64 0.12.1 OK

Check Details

Version: 0.12.1
Check: package dependencies
Result: ERROR
    Package required but not available: ‘aroma.core’
    
    Package suggested but not available for checking: ‘DNAcopy’
    
    See section ‘The DESCRIPTION file’ in the ‘Writing R Extensions’
    manual.
Flavor: r-release-osx-x86_64